CRAN Package Check Results for Package drugDemand

Last updated on 2024-12-21 03:50:38 CET.

Flavor Version Tinstall Tcheck Ttotal Status Flags
r-devel-linux-x86_64-debian-clang 0.1.3 28.67 122.79 151.46 OK
r-devel-linux-x86_64-debian-gcc 0.1.3 0.32 1.67 1.99 ERROR
r-devel-linux-x86_64-fedora-clang 0.1.3 253.23 OK
r-devel-linux-x86_64-fedora-gcc 0.1.3 241.72 OK
r-devel-windows-x86_64 0.1.3 33.00 149.00 182.00 OK
r-patched-linux-x86_64 0.1.3 30.23 114.99 145.22 OK
r-release-linux-x86_64 0.1.3 29.57 117.37 146.94 OK
r-release-macos-arm64 0.1.3 73.00 OK
r-release-macos-x86_64 0.1.3 105.00 OK
r-release-windows-x86_64 0.1.3 31.00 140.00 171.00 OK
r-oldrel-macos-arm64 0.1.3 67.00 OK
r-oldrel-macos-x86_64 0.1.3 153.00 OK
r-oldrel-windows-x86_64 0.1.3 42.00 185.00 227.00 OK

Check Details

Version: 0.1.3
Check: package dependencies
Result: ERROR Package required but not available: ‘eventPred’ See section ‘The DESCRIPTION file’ in the ‘Writing R Extensions’ manual. Flavor: r-devel-linux-x86_64-debian-gcc