CRAN Package Check Results for Package drawer

Last updated on 2021-06-17 03:50:55 CEST.

Flavor Version Tinstall Tcheck Ttotal Status Flags
r-devel-linux-x86_64-debian-clang 0.1.0 3.55 34.71 38.26 NOTE
r-devel-linux-x86_64-debian-gcc 0.1.0 2.98 27.36 30.34 NOTE
r-devel-linux-x86_64-fedora-clang 0.1.0 55.54 NOTE
r-devel-linux-x86_64-fedora-gcc 0.1.0 44.45 NOTE
r-devel-windows-x86_64 0.1.0 8.00 54.00 62.00 NOTE
r-devel-windows-x86_64-gcc10-UCRT 0.1.0 NOTE
r-patched-linux-x86_64 0.1.0 3.81 33.59 37.40 NOTE
r-patched-solaris-x86 0.1.0 70.20 NOTE
r-release-linux-x86_64 0.1.0 4.13 33.84 37.97 NOTE
r-release-macos-arm64 0.1.0 NOTE
r-release-macos-x86_64 0.1.0 NOTE
r-release-windows-ix86+x86_64 0.1.0 11.00 53.00 64.00 NOTE
r-oldrel-macos-x86_64 0.1.0 OK
r-oldrel-windows-ix86+x86_64 0.1.0 9.00 56.00 65.00 OK

Check Details

Version: 0.1.0
Check: LazyData
Result: NOTE
     'LazyData' is specified without a 'data' directory
Flavors: r-devel-linux-x86_64-debian-clang, r-devel-linux-x86_64-debian-gcc, r-devel-linux-x86_64-fedora-clang, r-devel-linux-x86_64-fedora-gcc, r-devel-windows-x86_64, r-devel-windows-x86_64-gcc10-UCRT, r-patched-linux-x86_64, r-patched-solaris-x86, r-release-linux-x86_64, r-release-macos-arm64, r-release-macos-x86_64, r-release-windows-ix86+x86_64