Last updated on 2021-03-09 07:49:36 CET.
Flavor | Version | Tinstall | Tcheck | Ttotal | Status | Flags |
---|---|---|---|---|---|---|
r-devel-linux-x86_64-debian-clang | 0.1.5 | 1.86 | 24.95 | 26.81 | OK | |
r-devel-linux-x86_64-debian-gcc | 0.1.5 | 1.37 | 19.62 | 20.99 | OK | |
r-devel-linux-x86_64-fedora-clang | 0.1.5 | 42.26 | NOTE | |||
r-devel-linux-x86_64-fedora-gcc | 0.1.5 | 32.31 | NOTE | |||
r-devel-windows-ix86+x86_64 | 0.1.5 | 5.00 | 30.00 | 35.00 | OK | |
r-devel-windows-x86_64-gcc10-UCRT | 0.1.5 | NOTE | ||||
r-patched-linux-x86_64 | 0.1.5 | 1.85 | 24.24 | 26.09 | OK | |
r-patched-solaris-x86 | 0.1.5 | 49.10 | NOTE | |||
r-release-linux-x86_64 | 0.1.5 | 1.52 | 23.85 | 25.37 | OK | |
r-release-macos-x86_64 | 0.1.5 | NOTE | ||||
r-release-windows-ix86+x86_64 | 0.1.5 | 5.00 | 28.00 | 33.00 | OK | |
r-oldrel-macos-x86_64 | 0.1.5 | NOTE | ||||
r-oldrel-windows-ix86+x86_64 | 0.1.5 | 13.00 | 30.00 | 43.00 | OK |
Version: 0.1.5
Check: data for non-ASCII characters
Result: NOTE
Note: found 78 marked UTF-8 strings
Flavors: r-devel-linux-x86_64-fedora-clang, r-devel-linux-x86_64-fedora-gcc, r-devel-windows-x86_64-gcc10-UCRT, r-patched-solaris-x86, r-release-macos-x86_64, r-oldrel-macos-x86_64