Last updated on 2022-05-20 11:51:00 CEST.
Flavor | Version | Tinstall | Tcheck | Ttotal | Status | Flags |
---|---|---|---|---|---|---|
r-devel-linux-x86_64-debian-clang | 0.3.0 | 31.92 | 140.89 | 172.81 | OK | |
r-devel-linux-x86_64-debian-gcc | 0.3.0 | 22.90 | 91.09 | 113.99 | OK | |
r-devel-linux-x86_64-fedora-clang | 0.3.0 | 223.40 | NOTE | |||
r-devel-windows-x86_64 | 0.3.0 | 33.00 | 206.00 | 239.00 | OK | |
r-patched-linux-x86_64 | 0.3.0 | 29.52 | 134.50 | 164.02 | OK | |
r-release-linux-x86_64 | 0.3.0 | 23.04 | 132.82 | 155.86 | OK | |
r-release-macos-arm64 | 0.3.0 | 52.00 | OK | |||
r-release-macos-x86_64 | 0.3.0 | 95.00 | OK | |||
r-release-windows-x86_64 | 0.3.0 | 39.00 | 205.00 | 244.00 | OK | |
r-oldrel-macos-arm64 | 0.3.0 | 65.00 | OK | |||
r-oldrel-macos-x86_64 | 0.3.0 | 123.00 | OK | |||
r-oldrel-windows-ix86+x86_64 | 0.3.0 | 72.00 | 235.00 | 307.00 | OK |
Version: 0.3.0
Check: Rd cross-references
Result: NOTE
Undeclared package ‘sitmo’ in Rd xrefs
Flavor: r-devel-linux-x86_64-fedora-clang