CRAN Package Check Results for Package dpseg

Last updated on 2021-09-20 15:52:40 CEST.

Flavor Version Tinstall Tcheck Ttotal Status Flags
r-devel-linux-x86_64-debian-clang 0.1.1 25.73 53.31 79.04 OK
r-devel-linux-x86_64-debian-gcc 0.1.1 17.29 40.86 58.15 OK
r-devel-linux-x86_64-fedora-clang 0.1.1 111.21 NOTE
r-devel-linux-x86_64-fedora-gcc 0.1.1 94.01 OK
r-devel-windows-x86_64 0.1.1 26.00 74.00 100.00 OK
r-devel-windows-x86_64-gcc10-UCRT 0.1.1 ERROR
r-patched-linux-x86_64 0.1.1 19.30 42.05 61.35 OK
r-patched-solaris-x86 0.1.1 108.40 OK
r-release-linux-x86_64 0.1.1 19.64 41.69 61.33 OK
r-release-macos-arm64 0.1.1 OK
r-release-macos-x86_64 0.1.1 OK
r-release-windows-ix86+x86_64 0.1.1 56.00 87.00 143.00 OK
r-oldrel-macos-x86_64 0.1.1 OK
r-oldrel-windows-ix86+x86_64 0.1.1 56.00 103.00 159.00 OK

Check Details

Version: 0.1.1
Check: Rd cross-references
Result: NOTE
    Undeclared package ‘RcppEigen’ in Rd xrefs
Flavor: r-devel-linux-x86_64-fedora-clang

Version: 0.1.1
Check: whether package can be installed
Result: ERROR
    Installation failed.
Flavor: r-devel-windows-x86_64-gcc10-UCRT