CRAN Package Check Results for Package dpcc

Last updated on 2021-09-21 15:50:47 CEST.

Flavor Version Tinstall Tcheck Ttotal Status Flags
r-devel-linux-x86_64-debian-clang 1.0.0 29.39 26.88 56.27 OK
r-devel-linux-x86_64-debian-gcc 1.0.0 18.28 21.36 39.64 OK
r-devel-linux-x86_64-fedora-clang 1.0.0 87.70 OK
r-devel-linux-x86_64-fedora-gcc 1.0.0 68.13 OK
r-devel-windows-x86_64 1.0.0 28.00 45.00 73.00 OK
r-devel-windows-x86_64-gcc10-UCRT 1.0.0 ERROR
r-patched-linux-x86_64 1.0.0 22.53 26.22 48.75 OK
r-patched-solaris-x86 1.0.0 77.80 OK
r-release-linux-x86_64 1.0.0 22.31 26.41 48.72 OK
r-release-macos-arm64 1.0.0 OK
r-release-macos-x86_64 1.0.0 OK
r-release-windows-ix86+x86_64 1.0.0 66.00 54.00 120.00 OK
r-oldrel-macos-x86_64 1.0.0 OK
r-oldrel-windows-ix86+x86_64 1.0.0 67.00 53.00 120.00 OK

Check Details

Version: 1.0.0
Check: whether package can be installed
Result: ERROR
    Installation failed.
Flavor: r-devel-windows-x86_64-gcc10-UCRT