Last updated on 2023-03-23 19:50:13 CET.
Flavor | Version | Tinstall | Tcheck | Ttotal | Status | Flags |
---|---|---|---|---|---|---|
r-devel-linux-x86_64-debian-clang | 0.0.2 | 6.59 | 126.61 | 133.20 | OK | |
r-devel-linux-x86_64-debian-gcc | 0.0.2 | 5.96 | 95.41 | 101.37 | OK | |
r-devel-linux-x86_64-fedora-clang | 0.0.2 | 167.45 | NOTE | |||
r-devel-linux-x86_64-fedora-gcc | 0.0.2 | 174.26 | NOTE | |||
r-devel-windows-x86_64 | 0.0.2 | 12.00 | 163.00 | 175.00 | OK | |
r-patched-linux-x86_64 | 0.0.2 | 5.29 | 121.87 | 127.16 | OK | |
r-release-linux-x86_64 | 0.0.2 | 5.67 | 122.46 | 128.13 | OK | |
r-release-macos-arm64 | 0.0.2 | 51.00 | NOTE | |||
r-release-macos-x86_64 | 0.0.2 | 72.00 | NOTE | |||
r-release-windows-x86_64 | 0.0.2 | 26.00 | 190.00 | 216.00 | OK | |
r-oldrel-macos-arm64 | 0.0.2 | 49.00 | NOTE | |||
r-oldrel-macos-x86_64 | 0.0.2 | 70.00 | NOTE | |||
r-oldrel-windows-ix86+x86_64 | 0.0.2 | 18.00 | 175.00 | 193.00 | NOTE |
Version: 0.0.2
Check: data for non-ASCII characters
Result: NOTE
Note: found 2 marked UTF-8 strings
Flavors: r-devel-linux-x86_64-fedora-clang, r-devel-linux-x86_64-fedora-gcc, r-release-macos-arm64, r-release-macos-x86_64, r-oldrel-macos-arm64, r-oldrel-macos-x86_64
Version: 0.0.2
Check: dependencies in R code
Result: NOTE
Initiating curl with CURL_SSL_BACKEND: openssl
Flavor: r-oldrel-windows-ix86+x86_64