CRAN Package Check Results for Package dobin

Last updated on 2021-06-13 19:49:31 CEST.

Flavor Version Tinstall Tcheck Ttotal Status Flags
r-devel-linux-x86_64-debian-clang 1.0.2 1.98 58.13 60.11 NOTE
r-devel-linux-x86_64-debian-gcc 1.0.2 1.52 44.42 45.94 NOTE
r-devel-linux-x86_64-fedora-clang 1.0.2 78.74 NOTE
r-devel-linux-x86_64-fedora-gcc 1.0.2 70.56 NOTE
r-devel-windows-x86_64 1.0.2 4.00 82.00 86.00 NOTE
r-devel-windows-x86_64-gcc10-UCRT 1.0.2 NOTE
r-patched-linux-x86_64 1.0.2 1.88 55.28 57.16 NOTE
r-patched-solaris-x86 1.0.2 123.70 NOTE
r-release-linux-x86_64 1.0.2 2.01 55.57 57.58 NOTE
r-release-macos-arm64 1.0.2 NOTE
r-release-macos-x86_64 1.0.2 NOTE
r-release-windows-ix86+x86_64 1.0.2 4.00 79.00 83.00 NOTE
r-oldrel-macos-x86_64 1.0.2 OK
r-oldrel-windows-ix86+x86_64 1.0.2 5.00 90.00 95.00 OK

Check Details

Version: 1.0.2
Check: LazyData
Result: NOTE
     'LazyData' is specified without a 'data' directory
Flavors: r-devel-linux-x86_64-debian-clang, r-devel-linux-x86_64-debian-gcc, r-devel-linux-x86_64-fedora-clang, r-devel-linux-x86_64-fedora-gcc, r-devel-windows-x86_64, r-devel-windows-x86_64-gcc10-UCRT, r-patched-linux-x86_64, r-patched-solaris-x86, r-release-linux-x86_64, r-release-macos-arm64, r-release-macos-x86_64, r-release-windows-ix86+x86_64