Last updated on 2021-03-05 07:49:52 CET.
Flavor | Version | Tinstall | Tcheck | Ttotal | Status | Flags |
---|---|---|---|---|---|---|
r-devel-linux-x86_64-debian-clang | 1.0.16 | 2.66 | 127.25 | 129.91 | NOTE | |
r-devel-linux-x86_64-debian-gcc | 1.0.16 | 1.70 | 96.90 | 98.60 | NOTE | |
r-devel-linux-x86_64-fedora-clang | 1.0.16 | 158.09 | OK | |||
r-devel-linux-x86_64-fedora-gcc | 1.0.16 | 149.57 | OK | |||
r-devel-windows-ix86+x86_64 | 1.0.16 | 6.00 | 160.00 | 166.00 | OK | |
r-patched-linux-x86_64 | 1.0.16 | NOTE | ||||
r-patched-solaris-x86 | 1.0.16 | 295.20 | OK | |||
r-release-linux-x86_64 | 1.0.16 | 2.58 | 126.61 | 129.19 | NOTE | |
r-release-macos-x86_64 | 1.0.16 | OK | ||||
r-release-windows-ix86+x86_64 | 1.0.16 | 5.00 | 124.00 | 129.00 | OK | |
r-oldrel-macos-x86_64 | 1.0.16 | OK | ||||
r-oldrel-windows-ix86+x86_64 | 1.0.16 | 4.00 | 174.00 | 178.00 | OK |
Version: 1.0.16
Check: R code for possible problems
Result: NOTE
Found the following calls to attach():
File 'doParallel/R/doParallel.R':
attach(exportEnv)
See section 'Good practice' in '?attach'.
Flavors: r-devel-linux-x86_64-debian-clang, r-devel-linux-x86_64-debian-gcc, r-patched-linux-x86_64, r-release-linux-x86_64