Last updated on 2023-03-30 03:52:32 CEST.
Flavor | Version | Tinstall | Tcheck | Ttotal | Status | Flags |
---|---|---|---|---|---|---|
r-devel-linux-x86_64-debian-clang | 0.7.4 | 36.99 | 264.32 | 301.31 | NOTE | |
r-devel-linux-x86_64-debian-gcc | 0.7.4 | 27.96 | 194.53 | 222.49 | NOTE | |
r-devel-linux-x86_64-fedora-clang | 0.7.4 | 411.61 | NOTE | |||
r-devel-linux-x86_64-fedora-gcc | 0.7.4 | 390.57 | NOTE | |||
r-devel-windows-x86_64 | 0.7.4 | 79.00 | 374.00 | 453.00 | NOTE | |
r-patched-linux-x86_64 | 0.7.4 | 31.92 | 251.77 | 283.69 | NOTE | |
r-release-linux-x86_64 | 0.7.4 | 30.85 | 259.02 | 289.87 | OK | |
r-release-macos-arm64 | 0.7.4 | 98.00 | OK | |||
r-release-macos-x86_64 | 0.7.4 | 148.00 | OK | |||
r-release-windows-x86_64 | 0.7.4 | 69.00 | 342.00 | 411.00 | OK | |
r-oldrel-macos-arm64 | 0.7.4 | 104.00 | OK | |||
r-oldrel-macos-x86_64 | 0.7.4 | 161.00 | OK | |||
r-oldrel-windows-ix86+x86_64 | 0.7.4 | 89.00 | 498.00 | 587.00 | WARN |
Version: 0.7.4
Check: C++ specification
Result: NOTE
Specified C++11: please drop specification unless essential
Flavors: r-devel-linux-x86_64-debian-clang, r-devel-linux-x86_64-debian-gcc, r-devel-linux-x86_64-fedora-clang, r-devel-linux-x86_64-fedora-gcc, r-devel-windows-x86_64, r-patched-linux-x86_64
Version: 0.7.4
Check: R code for possible problems
Result: NOTE
Initiating curl with CURL_SSL_BACKEND: openssl
Flavor: r-oldrel-windows-ix86+x86_64
Version: 0.7.4
Check: Rd files
Result: WARN
Initiating curl with CURL_SSL_BACKEND: openssl
Flavor: r-oldrel-windows-ix86+x86_64