CRAN Package Check Results for Package dmtools

Last updated on 2025-04-30 15:51:33 CEST.

Flavor Version Tinstall Tcheck Ttotal Status Flags
r-devel-linux-x86_64-debian-clang 0.2.6 3.15 49.19 52.34 OK
r-devel-linux-x86_64-debian-gcc 0.2.6 2.44 36.37 38.81 OK
r-devel-linux-x86_64-fedora-clang 0.2.6 82.79 OK
r-devel-linux-x86_64-fedora-gcc 0.2.6 92.19 OK
r-devel-windows-x86_64 0.2.6 6.00 76.00 82.00 OK
r-patched-linux-x86_64 0.2.6 3.71 46.44 50.15 OK
r-release-linux-x86_64 0.2.6 3.38 46.08 49.46 OK
r-release-macos-arm64 0.2.6 38.00 OK
r-release-macos-x86_64 0.2.6 88.00 OK
r-release-windows-x86_64 0.2.6 6.00 72.00 78.00 OK
r-oldrel-macos-arm64 0.2.6 38.00 NOTE
r-oldrel-macos-x86_64 0.2.6 70.00 NOTE
r-oldrel-windows-x86_64 0.2.6 6.00 82.00 88.00 NOTE

Check Details

Version: 0.2.6
Check: LazyData
Result: NOTE 'LazyData' is specified without a 'data' directory Flavors: r-oldrel-macos-arm64, r-oldrel-macos-x86_64, r-oldrel-windows-x86_64