CRAN Package Check Results for Package dlookr

Last updated on 2021-09-22 07:51:12 CEST.

Flavor Version Tinstall Tcheck Ttotal Status Flags
r-devel-linux-x86_64-debian-clang 0.5.1 24.93 373.24 398.17 OK
r-devel-linux-x86_64-debian-gcc 0.5.1 20.73 274.73 295.46 OK
r-devel-linux-x86_64-fedora-clang 0.5.1 476.27 OK
r-devel-linux-x86_64-fedora-gcc 0.5.1 455.86 OK
r-devel-windows-x86_64 0.5.1 30.00 326.00 356.00 OK
r-devel-windows-x86_64-gcc10-UCRT 0.5.1 ERROR
r-patched-linux-x86_64 0.5.1 33.40 365.68 399.08 OK
r-patched-solaris-x86 0.5.1 459.90 OK
r-release-linux-x86_64 0.5.1 25.66 363.40 389.06 OK
r-release-macos-arm64 0.5.1 WARN
r-release-macos-x86_64 0.5.1 OK
r-release-windows-ix86+x86_64 0.5.1 51.00 369.00 420.00 OK
r-oldrel-macos-x86_64 0.5.1 OK
r-oldrel-windows-ix86+x86_64 0.5.1 40.00 353.00 393.00 OK

Additional issues

M1mac

Check Details

Version: 0.5.1
Check: package dependencies
Result: ERROR
    Packages required but not available: 'hrbrthemes', 'kableExtra'
    
    See section 'The DESCRIPTION file' in the 'Writing R Extensions'
    manual.
Flavor: r-devel-windows-x86_64-gcc10-UCRT

Version: 0.5.1
Check: dependencies in R code
Result: NOTE
    sh: line 1: 43582 Segmentation fault: 11 '/Volumes/Builds/packages/big-sur-arm64/Rlib/4.1/Rttf2pt1/exec//ttf2pt1' -a -GfAe '/System/Library/Fonts/Supplemental/Arial Narrow Bold Italic.ttf' '/Volumes/Temp/tmp/Rtmp5HzpUQ/fonts/Arial Narrow Bold Italic' 2>&1
    sh: line 1: 43586 Segmentation fault: 11 '/Volumes/Builds/packages/big-sur-arm64/Rlib/4.1/Rttf2pt1/exec//ttf2pt1' -a -GfAe '/System/Library/Fonts/Supplemental/Arial Narrow Bold.ttf' '/Volumes/Temp/tmp/Rtmp5HzpUQ/fonts/Arial Narrow Bold' 2>&1
    sh: line 1: 43590 Segmentation fault: 11 '/Volumes/Builds/packages/big-sur-arm64/Rlib/4.1/Rttf2pt1/exec//ttf2pt1' -a -GfAe '/System/Library/Fonts/Supplemental/Arial Narrow Italic.ttf' '/Volumes/Temp/tmp/Rtmp5HzpUQ/fonts/Arial Narrow Italic' 2>&1
    sh: line 1: 43593 Segmentation fault: 11 '/Volumes/Builds/packages/big-sur-arm64/Rlib/4.1/Rttf2pt1/exec//ttf2pt1' -a -GfAe '/System/Library/Fonts/Supplemental/Arial Narrow.ttf' '/Volumes/Temp/tmp/Rtmp5HzpUQ/fonts/Arial Narrow' 2>&1
Flavor: r-release-macos-arm64

Version: 0.5.1
Check: S3 generic/method consistency
Result: WARN
    sh: line 1: 44744 Segmentation fault: 11 '/Volumes/Builds/packages/big-sur-arm64/Rlib/4.1/Rttf2pt1/exec//ttf2pt1' -a -GfAe '/System/Library/Fonts/Supplemental/Arial Narrow Bold Italic.ttf' '/Volumes/Temp/tmp/RtmpaTEuAz/fonts/Arial Narrow Bold Italic' 2>&1
    sh: line 1: 44754 Segmentation fault: 11 '/Volumes/Builds/packages/big-sur-arm64/Rlib/4.1/Rttf2pt1/exec//ttf2pt1' -a -GfAe '/System/Library/Fonts/Supplemental/Arial Narrow Bold.ttf' '/Volumes/Temp/tmp/RtmpaTEuAz/fonts/Arial Narrow Bold' 2>&1
    sh: line 1: 44756 Segmentation fault: 11 '/Volumes/Builds/packages/big-sur-arm64/Rlib/4.1/Rttf2pt1/exec//ttf2pt1' -a -GfAe '/System/Library/Fonts/Supplemental/Arial Narrow Italic.ttf' '/Volumes/Temp/tmp/RtmpaTEuAz/fonts/Arial Narrow Italic' 2>&1
    sh: line 1: 44758 Segmentation fault: 11 '/Volumes/Builds/packages/big-sur-arm64/Rlib/4.1/Rttf2pt1/exec//ttf2pt1' -a -GfAe '/System/Library/Fonts/Supplemental/Arial Narrow.ttf' '/Volumes/Temp/tmp/RtmpaTEuAz/fonts/Arial Narrow' 2>&1
    See section ‘Generic functions and methods’ in the ‘Writing R
    Extensions’ manual.
Flavor: r-release-macos-arm64

Version: 0.5.1
Check: replacement functions
Result: WARN
    sh: line 1: 46452 Segmentation fault: 11 '/Volumes/Builds/packages/big-sur-arm64/Rlib/4.1/Rttf2pt1/exec//ttf2pt1' -a -GfAe '/System/Library/Fonts/Supplemental/Arial Narrow Bold Italic.ttf' '/Volumes/Temp/tmp/RtmpsUrp9W/fonts/Arial Narrow Bold Italic' 2>&1
    sh: line 1: 46454 Segmentation fault: 11 '/Volumes/Builds/packages/big-sur-arm64/Rlib/4.1/Rttf2pt1/exec//ttf2pt1' -a -GfAe '/System/Library/Fonts/Supplemental/Arial Narrow Bold.ttf' '/Volumes/Temp/tmp/RtmpsUrp9W/fonts/Arial Narrow Bold' 2>&1
    sh: line 1: 46457 Segmentation fault: 11 '/Volumes/Builds/packages/big-sur-arm64/Rlib/4.1/Rttf2pt1/exec//ttf2pt1' -a -GfAe '/System/Library/Fonts/Supplemental/Arial Narrow Italic.ttf' '/Volumes/Temp/tmp/RtmpsUrp9W/fonts/Arial Narrow Italic' 2>&1
    sh: line 1: 46462 Segmentation fault: 11 '/Volumes/Builds/packages/big-sur-arm64/Rlib/4.1/Rttf2pt1/exec//ttf2pt1' -a -GfAe '/System/Library/Fonts/Supplemental/Arial Narrow.ttf' '/Volumes/Temp/tmp/RtmpsUrp9W/fonts/Arial Narrow' 2>&1
    The argument of a replacement function which corresponds to the right
    hand side must be named ‘value’.
Flavor: r-release-macos-arm64

Version: 0.5.1
Check: foreign function calls
Result: NOTE
    sh: line 1: 47387 Segmentation fault: 11 '/Volumes/Builds/packages/big-sur-arm64/Rlib/4.1/Rttf2pt1/exec//ttf2pt1' -a -GfAe '/System/Library/Fonts/Supplemental/Arial Narrow Bold Italic.ttf' '/Volumes/Temp/tmp/RtmpMofAp8/fonts/Arial Narrow Bold Italic' 2>&1
    sh: line 1: 47395 Segmentation fault: 11 '/Volumes/Builds/packages/big-sur-arm64/Rlib/4.1/Rttf2pt1/exec//ttf2pt1' -a -GfAe '/System/Library/Fonts/Supplemental/Arial Narrow Bold.ttf' '/Volumes/Temp/tmp/RtmpMofAp8/fonts/Arial Narrow Bold' 2>&1
    sh: line 1: 47407 Segmentation fault: 11 '/Volumes/Builds/packages/big-sur-arm64/Rlib/4.1/Rttf2pt1/exec//ttf2pt1' -a -GfAe '/System/Library/Fonts/Supplemental/Arial Narrow Italic.ttf' '/Volumes/Temp/tmp/RtmpMofAp8/fonts/Arial Narrow Italic' 2>&1
    sh: line 1: 47411 Segmentation fault: 11 '/Volumes/Builds/packages/big-sur-arm64/Rlib/4.1/Rttf2pt1/exec//ttf2pt1' -a -GfAe '/System/Library/Fonts/Supplemental/Arial Narrow.ttf' '/Volumes/Temp/tmp/RtmpMofAp8/fonts/Arial Narrow' 2>&1
    See chapter ‘System and foreign language interfaces’ in the ‘Writing R
    Extensions’ manual.
Flavor: r-release-macos-arm64

Version: 0.5.1
Check: for missing documentation entries
Result: WARN
    sh: line 1: 54513 Segmentation fault: 11 '/Volumes/Builds/packages/big-sur-arm64/Rlib/4.1/Rttf2pt1/exec//ttf2pt1' -a -GfAe '/System/Library/Fonts/Supplemental/Arial Narrow Bold Italic.ttf' '/Volumes/Temp/tmp/RtmpSKBrXC/fonts/Arial Narrow Bold Italic' 2>&1
    sh: line 1: 54524 Segmentation fault: 11 '/Volumes/Builds/packages/big-sur-arm64/Rlib/4.1/Rttf2pt1/exec//ttf2pt1' -a -GfAe '/System/Library/Fonts/Supplemental/Arial Narrow Bold.ttf' '/Volumes/Temp/tmp/RtmpSKBrXC/fonts/Arial Narrow Bold' 2>&1
    sh: line 1: 54537 Segmentation fault: 11 '/Volumes/Builds/packages/big-sur-arm64/Rlib/4.1/Rttf2pt1/exec//ttf2pt1' -a -GfAe '/System/Library/Fonts/Supplemental/Arial Narrow Italic.ttf' '/Volumes/Temp/tmp/RtmpSKBrXC/fonts/Arial Narrow Italic' 2>&1
    sh: line 1: 54542 Segmentation fault: 11 '/Volumes/Builds/packages/big-sur-arm64/Rlib/4.1/Rttf2pt1/exec//ttf2pt1' -a -GfAe '/System/Library/Fonts/Supplemental/Arial Narrow.ttf' '/Volumes/Temp/tmp/RtmpSKBrXC/fonts/Arial Narrow' 2>&1
    All user-level objects in a package should have documentation entries.
    See chapter ‘Writing R documentation files’ in the ‘Writing R
    Extensions’ manual.
Flavor: r-release-macos-arm64

Version: 0.5.1
Check: for code/documentation mismatches
Result: WARN
    sh: line 1: 55413 Segmentation fault: 11 '/Volumes/Builds/packages/big-sur-arm64/Rlib/4.1/Rttf2pt1/exec//ttf2pt1' -a -GfAe '/System/Library/Fonts/Supplemental/Arial Narrow Bold Italic.ttf' '/Volumes/Temp/tmp/RtmpDCnP8T/fonts/Arial Narrow Bold Italic' 2>&1
    sh: line 1: 55424 Segmentation fault: 11 '/Volumes/Builds/packages/big-sur-arm64/Rlib/4.1/Rttf2pt1/exec//ttf2pt1' -a -GfAe '/System/Library/Fonts/Supplemental/Arial Narrow Bold.ttf' '/Volumes/Temp/tmp/RtmpDCnP8T/fonts/Arial Narrow Bold' 2>&1
    sh: line 1: 55431 Segmentation fault: 11 '/Volumes/Builds/packages/big-sur-arm64/Rlib/4.1/Rttf2pt1/exec//ttf2pt1' -a -GfAe '/System/Library/Fonts/Supplemental/Arial Narrow Italic.ttf' '/Volumes/Temp/tmp/RtmpDCnP8T/fonts/Arial Narrow Italic' 2>&1
    sh: line 1: 55436 Segmentation fault: 11 '/Volumes/Builds/packages/big-sur-arm64/Rlib/4.1/Rttf2pt1/exec//ttf2pt1' -a -GfAe '/System/Library/Fonts/Supplemental/Arial Narrow.ttf' '/Volumes/Temp/tmp/RtmpDCnP8T/fonts/Arial Narrow' 2>&1
    sh: line 1: 56646 Segmentation fault: 11 '/Volumes/Builds/packages/big-sur-arm64/Rlib/4.1/Rttf2pt1/exec//ttf2pt1' -a -GfAe '/System/Library/Fonts/Supplemental/Arial Narrow Bold Italic.ttf' '/Volumes/Temp/tmp/RtmpTnXKpa/fonts/Arial Narrow Bold Italic' 2>&1
    sh: line 1: 56655 Segmentation fault: 11 '/Volumes/Builds/packages/big-sur-arm64/Rlib/4.1/Rttf2pt1/exec//ttf2pt1' -a -GfAe '/System/Library/Fonts/Supplemental/Arial Narrow Bold.ttf' '/Volumes/Temp/tmp/RtmpTnXKpa/fonts/Arial Narrow Bold' 2>&1
    sh: line 1: 56665 Segmentation fault: 11 '/Volumes/Builds/packages/big-sur-arm64/Rlib/4.1/Rttf2pt1/exec//ttf2pt1' -a -GfAe '/System/Library/Fonts/Supplemental/Arial Narrow Italic.ttf' '/Volumes/Temp/tmp/RtmpTnXKpa/fonts/Arial Narrow Italic' 2>&1
    sh: line 1: 56676 Segmentation fault: 11 '/Volumes/Builds/packages/big-sur-arm64/Rlib/4.1/Rttf2pt1/exec//ttf2pt1' -a -GfAe '/System/Library/Fonts/Supplemental/Arial Narrow.ttf' '/Volumes/Temp/tmp/RtmpTnXKpa/fonts/Arial Narrow' 2>&1
    sh: line 1: 57833 Segmentation fault: 11 '/Volumes/Builds/packages/big-sur-arm64/Rlib/4.1/Rttf2pt1/exec//ttf2pt1' -a -GfAe '/System/Library/Fonts/Supplemental/Arial Narrow Bold Italic.ttf' '/Volumes/Temp/tmp/RtmpX1L1aj/fonts/Arial Narrow Bold Italic' 2>&1
    sh: line 1: 57842 Segmentation fault: 11 '/Volumes/Builds/packages/big-sur-arm64/Rlib/4.1/Rttf2pt1/exec//ttf2pt1' -a -GfAe '/System/Library/Fonts/Supplemental/Arial Narrow Bold.ttf' '/Volumes/Temp/tmp/RtmpX1L1aj/fonts/Arial Narrow Bold' 2>&1
    sh: line 1: 57848 Segmentation fault: 11 '/Volumes/Builds/packages/big-sur-arm64/Rlib/4.1/Rttf2pt1/exec//ttf2pt1' -a -GfAe '/System/Library/Fonts/Supplemental/Arial Narrow Italic.ttf' '/Volumes/Temp/tmp/RtmpX1L1aj/fonts/Arial Narrow Italic' 2>&1
    sh: line 1: 57854 Segmentation fault: 11 '/Volumes/Builds/packages/big-sur-arm64/Rlib/4.1/Rttf2pt1/exec//ttf2pt1' -a -GfAe '/System/Library/Fonts/Supplemental/Arial Narrow.ttf' '/Volumes/Temp/tmp/RtmpX1L1aj/fonts/Arial Narrow' 2>&1
Flavor: r-release-macos-arm64

Version: 0.5.1
Check: Rd \usage sections
Result: NOTE
    sh: line 1: 59127 Segmentation fault: 11 '/Volumes/Builds/packages/big-sur-arm64/Rlib/4.1/Rttf2pt1/exec//ttf2pt1' -a -GfAe '/System/Library/Fonts/Supplemental/Arial Narrow Bold Italic.ttf' '/Volumes/Temp/tmp/Rtmp5HQNZB/fonts/Arial Narrow Bold Italic' 2>&1
    sh: line 1: 59131 Segmentation fault: 11 '/Volumes/Builds/packages/big-sur-arm64/Rlib/4.1/Rttf2pt1/exec//ttf2pt1' -a -GfAe '/System/Library/Fonts/Supplemental/Arial Narrow Bold.ttf' '/Volumes/Temp/tmp/Rtmp5HQNZB/fonts/Arial Narrow Bold' 2>&1
    sh: line 1: 59139 Segmentation fault: 11 '/Volumes/Builds/packages/big-sur-arm64/Rlib/4.1/Rttf2pt1/exec//ttf2pt1' -a -GfAe '/System/Library/Fonts/Supplemental/Arial Narrow Italic.ttf' '/Volumes/Temp/tmp/Rtmp5HQNZB/fonts/Arial Narrow Italic' 2>&1
    sh: line 1: 59144 Segmentation fault: 11 '/Volumes/Builds/packages/big-sur-arm64/Rlib/4.1/Rttf2pt1/exec//ttf2pt1' -a -GfAe '/System/Library/Fonts/Supplemental/Arial Narrow.ttf' '/Volumes/Temp/tmp/Rtmp5HQNZB/fonts/Arial Narrow' 2>&1
    The \usage entries for S3 methods should use the \method markup and not
    their full name.
    See chapter ‘Writing R documentation files’ in the ‘Writing R
    Extensions’ manual.
Flavor: r-release-macos-arm64