Last updated on 2021-04-14 23:47:08 CEST.
Flavor | Version | Tinstall | Tcheck | Ttotal | Status | Flags |
---|---|---|---|---|---|---|
r-devel-linux-x86_64-debian-clang | 1.9.90 | 174.38 | 186.88 | 361.26 | NOTE | |
r-devel-linux-x86_64-debian-gcc | 1.9.90 | 102.79 | 138.23 | 241.02 | NOTE | |
r-devel-linux-x86_64-fedora-clang | 1.9.90 | 481.52 | NOTE | |||
r-devel-linux-x86_64-fedora-gcc | 1.9.90 | 423.53 | NOTE | |||
r-devel-windows-ix86+x86_64 | 1.9.90 | 371.00 | 269.00 | 640.00 | OK | |
r-devel-windows-x86_64-gcc10-UCRT | 1.9.90 | NOTE | ||||
r-patched-linux-x86_64 | 1.9.90 | 122.27 | 169.48 | 291.75 | NOTE | |
r-patched-solaris-x86 | 1.9.90 | 474.80 | NOTE | |||
r-release-linux-x86_64 | 1.9.90 | 114.61 | 170.25 | 284.86 | NOTE | |
r-release-macos-x86_64 | 1.9.90 | NOTE | ||||
r-release-windows-ix86+x86_64 | 1.9.90 | 369.00 | 273.00 | 642.00 | OK | |
r-oldrel-macos-x86_64 | 1.9.90 | OK | ||||
r-oldrel-windows-ix86+x86_64 | 1.9.90 | 250.00 | 195.00 | 445.00 | OK |
Version: 1.9.90
Check: package dependencies
Result: NOTE
Packages suggested but not available for checking: 'sendplot', 'HWxtest'
Flavors: r-devel-linux-x86_64-debian-clang, r-devel-linux-x86_64-debian-gcc, r-devel-linux-x86_64-fedora-clang, r-devel-linux-x86_64-fedora-gcc, r-devel-windows-x86_64-gcc10-UCRT, r-patched-linux-x86_64, r-patched-solaris-x86, r-release-linux-x86_64, r-release-macos-x86_64
Version: 1.9.90
Check: installed package size
Result: NOTE
installed size is 7.1Mb
sub-directories of 1Mb or more:
libs 5.6Mb
Flavor: r-devel-linux-x86_64-fedora-clang