CRAN Package Check Results for Package distrMod

Last updated on 2021-04-12 23:47:59 CEST.

Flavor Version Tinstall Tcheck Ttotal Status Flags
r-devel-linux-x86_64-debian-clang 2.8.4 43.64 200.21 243.85 OK
r-devel-linux-x86_64-debian-gcc 2.8.4 37.90 146.07 183.97 OK
r-devel-linux-x86_64-fedora-clang 2.8.4 301.65 NOTE
r-devel-linux-x86_64-fedora-gcc 2.8.4 294.18 OK
r-devel-windows-ix86+x86_64 2.8.4 79.00 253.00 332.00 OK
r-devel-windows-x86_64-gcc10-UCRT 2.8.4 OK
r-patched-linux-x86_64 2.8.4 42.91 186.05 228.96 OK
r-patched-solaris-x86 2.8.4 376.90 OK
r-release-linux-x86_64 2.8.4 41.77 186.48 228.25 OK
r-release-macos-x86_64 2.8.4 OK
r-release-windows-ix86+x86_64 2.8.4 66.00 243.00 309.00 OK
r-oldrel-macos-x86_64 2.8.4 OK
r-oldrel-windows-ix86+x86_64 2.8.4 64.00 175.00 239.00 OK

Check Details

Version: 2.8.4
Check: Rd cross-references
Result: NOTE
    Undeclared package ‘RobAStBase’ in Rd xrefs
Flavor: r-devel-linux-x86_64-fedora-clang