CRAN Package Check Results for Package distr

Last updated on 2021-04-14 19:47:03 CEST.

Flavor Version Tinstall Tcheck Ttotal Status Flags
r-devel-linux-x86_64-debian-clang 2.8.0 35.85 231.65 267.50 OK
r-devel-linux-x86_64-debian-gcc 2.8.0 29.16 169.65 198.81 OK
r-devel-linux-x86_64-fedora-clang 2.8.0 249.13 NOTE
r-devel-linux-x86_64-fedora-gcc 2.8.0 236.75 OK
r-devel-windows-ix86+x86_64 2.8.0 53.00 440.00 493.00 OK
r-devel-windows-x86_64-gcc10-UCRT 2.8.0 OK
r-patched-linux-x86_64 2.8.0 34.84 221.23 256.07 OK
r-patched-solaris-x86 2.8.0 302.80 OK
r-release-linux-x86_64 2.8.0 31.89 222.72 254.61 OK
r-release-macos-x86_64 2.8.0 OK
r-release-windows-ix86+x86_64 2.8.0 50.00 449.00 499.00 OK
r-oldrel-macos-x86_64 2.8.0 OK
r-oldrel-windows-ix86+x86_64 2.8.0 57.00 311.00 368.00 OK

Check Details

Version: 2.8.0
Check: Rd cross-references
Result: NOTE
    Undeclared packages ‘distrMod’, ‘RobAStBase’ in Rd xrefs
Flavor: r-devel-linux-x86_64-fedora-clang