Last updated on 2021-02-25 11:47:23 CET.
Flavor | Version | Tinstall | Tcheck | Ttotal | Status | Flags |
---|---|---|---|---|---|---|
r-devel-linux-x86_64-debian-clang | 0.2.0 | 3.04 | 40.59 | 43.63 | OK | |
r-devel-linux-x86_64-debian-gcc | 0.2.0 | 2.35 | 30.90 | 33.25 | OK | |
r-devel-linux-x86_64-fedora-clang | 0.2.0 | 65.54 | NOTE | |||
r-devel-linux-x86_64-fedora-gcc | 0.2.0 | 54.19 | NOTE | |||
r-devel-windows-ix86+x86_64 | 0.2.0 | 6.00 | 48.00 | 54.00 | OK | |
r-patched-linux-x86_64 | 0.2.0 | 2.46 | 38.73 | 41.19 | OK | |
r-patched-solaris-x86 | 0.2.0 | 68.10 | NOTE | |||
r-release-linux-x86_64 | 0.2.0 | 2.61 | 39.10 | 41.71 | OK | |
r-release-macos-x86_64 | 0.2.0 | NOTE | ||||
r-release-windows-ix86+x86_64 | 0.2.0 | 8.00 | 66.00 | 74.00 | OK | |
r-oldrel-macos-x86_64 | 0.2.0 | NOTE | ||||
r-oldrel-windows-ix86+x86_64 | 0.2.0 | 4.00 | 72.00 | 76.00 | OK |
Version: 0.2.0
Check: dependencies in R code
Result: NOTE
Namespaces in Imports field not imported from:
‘dplyr’ ‘proxy’
All declared Imports should be used.
Flavors: r-devel-linux-x86_64-fedora-clang, r-devel-linux-x86_64-fedora-gcc, r-patched-solaris-x86, r-release-macos-x86_64, r-oldrel-macos-x86_64