CRAN Package Check Results for Package dismo

Last updated on 2021-09-18 19:49:29 CEST.

Flavor Version Tinstall Tcheck Ttotal Status Flags
r-devel-linux-x86_64-debian-clang 1.3-3 39.40 153.04 192.44 OK --no-vignettes
r-devel-linux-x86_64-debian-gcc 1.3-3 26.68 113.45 140.13 OK --no-vignettes
r-devel-linux-x86_64-fedora-clang 1.3-3 245.14 NOTE
r-devel-linux-x86_64-fedora-gcc 1.3-3 231.80 NOTE
r-devel-windows-x86_64 1.3-3 43.00 193.00 236.00 OK --no-vignettes
r-devel-windows-x86_64-gcc10-UCRT 1.3-3 NOTE --no-vignettes
r-patched-linux-x86_64 1.3-3 31.99 147.42 179.41 OK --no-vignettes
r-patched-solaris-x86 1.3-3 294.90 NOTE
r-release-linux-x86_64 1.3-3 28.61 148.26 176.87 OK --no-vignettes
r-release-macos-arm64 1.3-3 NOTE
r-release-macos-x86_64 1.3-3 NOTE
r-release-windows-ix86+x86_64 1.3-3 79.00 181.00 260.00 OK --no-vignettes
r-oldrel-macos-x86_64 1.3-3 NOTE
r-oldrel-windows-ix86+x86_64 1.3-3 80.00 183.00 263.00 OK --no-vignettes

Check Details

Version: 1.3-3
Check: data for non-ASCII characters
Result: NOTE
     Note: found 106 marked UTF-8 strings
Flavors: r-devel-linux-x86_64-fedora-clang, r-devel-linux-x86_64-fedora-gcc, r-patched-solaris-x86, r-release-macos-arm64, r-release-macos-x86_64, r-oldrel-macos-x86_64

Version: 1.3-3
Flags: --no-vignettes
Check: data for non-ASCII characters
Result: NOTE
     Note: found 106 marked UTF-8 strings
Flavor: r-devel-windows-x86_64-gcc10-UCRT