CRAN Package Check Results for Package diseasemapping

Last updated on 2021-12-09 07:50:09 CET.

Flavor Version Tinstall Tcheck Ttotal Status Flags
r-devel-linux-x86_64-debian-clang 1.5.1 6.75 139.52 146.27 NOTE
r-devel-linux-x86_64-debian-gcc 1.5.1 5.49 105.10 110.59 NOTE
r-devel-linux-x86_64-fedora-clang 1.5.1 198.34 NOTE
r-devel-linux-x86_64-fedora-gcc 1.5.1 215.28 NOTE
r-devel-windows-x86_64-new-UL 1.5.1 14.00 201.00 215.00 NOTE
r-devel-windows-x86_64-new-TK 1.5.1 NOTE
r-devel-windows-x86_64-old 1.5.1 10.00 177.00 187.00 OK
r-patched-linux-x86_64 1.5.1 6.85 132.41 139.26 NOTE
r-release-linux-x86_64 1.5.1 6.14 122.98 129.12 NOTE
r-release-macos-arm64 1.5.1 NOTE
r-release-macos-x86_64 1.5.1 NOTE
r-release-windows-ix86+x86_64 1.5.1 10.00 166.00 176.00 OK
r-oldrel-macos-x86_64 1.5.1 NOTE
r-oldrel-windows-ix86+x86_64 1.5.1 12.00 171.00 183.00 OK

Check Details

Version: 1.5.1
Check: package dependencies
Result: NOTE
    Package which this enhances but not available for checking: 'INLA'
Flavors: r-devel-linux-x86_64-debian-clang, r-devel-linux-x86_64-debian-gcc, r-devel-windows-x86_64-new-UL, r-devel-windows-x86_64-new-TK, r-patched-linux-x86_64, r-release-linux-x86_64, r-release-macos-arm64, r-release-macos-x86_64, r-oldrel-macos-x86_64

Version: 1.5.1
Check: dependencies in R code
Result: NOTE
    Namespace in Imports field not imported from: ‘rgeos’
     All declared Imports should be used.
Flavors: r-devel-linux-x86_64-fedora-clang, r-devel-linux-x86_64-fedora-gcc, r-devel-windows-x86_64-new-TK, r-release-macos-arm64, r-release-macos-x86_64, r-oldrel-macos-x86_64