CRAN Package Check Results for Package discoverableresearch

Last updated on 2021-03-05 23:48:41 CET.

Flavor Version Tinstall Tcheck Ttotal Status Flags
r-devel-linux-x86_64-debian-clang 0.0.1 2.52 45.13 47.65 OK
r-devel-linux-x86_64-debian-gcc 0.0.1 2.04 34.39 36.43 OK
r-devel-linux-x86_64-fedora-clang 0.0.1 69.16 NOTE
r-devel-linux-x86_64-fedora-gcc 0.0.1 56.59 NOTE
r-devel-windows-ix86+x86_64 0.0.1 15.00 70.00 85.00 OK
r-patched-linux-x86_64 0.0.1 OK
r-patched-solaris-x86 0.0.1 82.80 NOTE
r-release-linux-x86_64 0.0.1 2.48 44.07 46.55 OK
r-release-macos-x86_64 0.0.1 NOTE
r-release-windows-ix86+x86_64 0.0.1 6.00 53.00 59.00 OK
r-oldrel-macos-x86_64 0.0.1 NOTE
r-oldrel-windows-ix86+x86_64 0.0.1 4.00 50.00 54.00 OK

Check Details

Version: 0.0.1
Check: dependencies in R code
Result: NOTE
    Namespaces in Imports field not imported from:
     ‘dplyr’ ‘readr’
     All declared Imports should be used.
Flavors: r-devel-linux-x86_64-fedora-clang, r-devel-linux-x86_64-fedora-gcc, r-patched-solaris-x86, r-release-macos-x86_64, r-oldrel-macos-x86_64