CRAN Package Check Results for Package discoveR

Last updated on 2021-05-09 15:46:44 CEST.

Flavor Version Tinstall Tcheck Ttotal Status Flags
r-devel-linux-x86_64-debian-clang 2.2.2 14.48 108.59 123.07 NOTE
r-devel-linux-x86_64-debian-gcc 2.2.2 11.85 80.00 91.85 NOTE
r-devel-linux-x86_64-fedora-clang 2.2.2 158.80 NOTE
r-devel-linux-x86_64-fedora-gcc 2.2.2 152.09 NOTE
r-devel-windows-ix86+x86_64 2.2.2 38.00 131.00 169.00 NOTE
r-devel-windows-x86_64-gcc10-UCRT 2.2.2 NOTE
r-patched-linux-x86_64 2.2.2 12.45 103.51 115.96 NOTE
r-patched-solaris-x86 2.2.2 189.70 OK
r-release-linux-x86_64 2.2.2 13.47 98.14 111.61 OK
r-release-macos-x86_64 2.2.2 OK
r-release-windows-ix86+x86_64 2.2.2 23.00 96.00 119.00 OK
r-oldrel-macos-x86_64 2.2.2 ERROR
r-oldrel-windows-ix86+x86_64 2.1.7 22.00 104.00 126.00 OK

Check Details

Version: 2.2.2
Check: LazyData
Result: NOTE
     'LazyData' is specified without a 'data' directory
Flavors: r-devel-linux-x86_64-debian-clang, r-devel-linux-x86_64-debian-gcc, r-devel-linux-x86_64-fedora-clang, r-devel-linux-x86_64-fedora-gcc, r-devel-windows-ix86+x86_64, r-devel-windows-x86_64-gcc10-UCRT, r-patched-linux-x86_64

Version: 2.2.2
Check: whether package can be installed
Result: ERROR
    Installation failed.
Flavor: r-oldrel-macos-x86_64