Last updated on 2023-06-04 15:56:44 CEST.
Flavor | Version | Tinstall | Tcheck | Ttotal | Status | Flags |
---|---|---|---|---|---|---|
r-devel-linux-x86_64-debian-clang | 1.1.8 | 2.89 | 37.34 | 40.23 | OK | |
r-devel-linux-x86_64-debian-gcc | 1.1.8 | 2.86 | 28.12 | 30.98 | OK | |
r-devel-linux-x86_64-fedora-clang | 1.1.8 | 52.05 | OK | |||
r-devel-linux-x86_64-fedora-gcc | 1.1.8 | 60.13 | OK | |||
r-devel-windows-x86_64 | 1.1.8 | 5.00 | 52.00 | 57.00 | OK | |
r-patched-linux-x86_64 | 1.1.8 | 3.76 | 34.88 | 38.64 | OK | |
r-release-linux-x86_64 | 1.1.8 | 3.04 | 35.70 | 38.74 | OK | |
r-release-macos-arm64 | 1.1.8 | 27.00 | OK | |||
r-release-macos-x86_64 | 1.1.8 | 35.00 | NOTE | |||
r-release-windows-x86_64 | 1.1.8 | 6.00 | 56.00 | 62.00 | OK | |
r-oldrel-macos-arm64 | 1.1.8 | 21.00 | OK | |||
r-oldrel-macos-x86_64 | 1.1.8 | 28.00 | OK | |||
r-oldrel-windows-x86_64 | 1.1.8 | 6.00 | 58.00 | 64.00 | OK |
Version: 1.1.8
Check: package dependencies
Result: NOTE
Package suggested but not available for checking: ‘ggpubr’
Flavor: r-release-macos-x86_64