CRAN Package Check Results for Package dipsaus

Last updated on 2021-05-09 11:48:31 CEST.

Flavor Version Tinstall Tcheck Ttotal Status Flags
r-devel-linux-x86_64-debian-clang 0.1.5 76.20 76.51 152.71 NOTE
r-devel-linux-x86_64-debian-gcc 0.1.5 45.85 58.29 104.14 NOTE
r-devel-linux-x86_64-fedora-clang 0.1.5 217.75 NOTE
r-devel-linux-x86_64-fedora-gcc 0.1.5 188.52 NOTE
r-devel-windows-ix86+x86_64 0.1.5 134.00 153.00 287.00 NOTE
r-devel-windows-x86_64-gcc10-UCRT 0.1.5 NOTE
r-patched-linux-x86_64 0.1.5 55.96 73.61 129.57 NOTE
r-patched-solaris-x86 0.1.5 202.60 NOTE
r-release-linux-x86_64 0.1.5 55.64 72.40 128.04 OK
r-release-macos-x86_64 0.1.5 OK
r-release-windows-ix86+x86_64 0.1.5 135.00 124.00 259.00 OK
r-oldrel-macos-x86_64 0.1.5 OK
r-oldrel-windows-ix86+x86_64 0.1.5 166.00 149.00 315.00 OK

Check Details

Version: 0.1.5
Check: LazyData
Result: NOTE
     'LazyData' is specified without a 'data' directory
Flavors: r-devel-linux-x86_64-debian-clang, r-devel-linux-x86_64-debian-gcc, r-devel-linux-x86_64-fedora-clang, r-devel-linux-x86_64-fedora-gcc, r-devel-windows-ix86+x86_64, r-devel-windows-x86_64-gcc10-UCRT, r-patched-linux-x86_64

Version: 0.1.5
Check: package dependencies
Result: NOTE
    Package suggested but not available for checking: ‘RcppRedis’
Flavor: r-patched-solaris-x86