CRAN Package Check Results for Package dimensio

Last updated on 2021-09-22 07:51:12 CEST.

Flavor Version Tinstall Tcheck Ttotal Status Flags
r-devel-linux-x86_64-debian-clang 0.2.2 6.93 70.73 77.66 OK
r-devel-linux-x86_64-debian-gcc 0.2.2 5.20 51.85 57.05 OK
r-devel-linux-x86_64-fedora-clang 0.2.2 105.02 OK
r-devel-linux-x86_64-fedora-gcc 0.2.2 86.74 OK
r-devel-windows-x86_64 0.2.1 11.00 68.00 79.00 OK
r-devel-windows-x86_64-gcc10-UCRT 0.2.2 ERROR
r-patched-linux-x86_64 0.2.2 7.47 64.78 72.25 OK
r-patched-solaris-x86 0.2.2 108.90 OK
r-release-linux-x86_64 0.2.1 6.60 61.43 68.03 OK
r-release-macos-arm64 0.2.1 OK
r-release-macos-x86_64 0.2.2 OK
r-release-windows-ix86+x86_64 0.2.2 23.00 86.00 109.00 OK
r-oldrel-macos-x86_64 0.2.2 OK
r-oldrel-windows-ix86+x86_64 0.2.2 17.00 79.00 96.00 OK

Check Details

Version: 0.2.2
Check: package dependencies
Result: NOTE
    Package suggested but not available for checking: 'vdiffr'
Flavor: r-devel-windows-x86_64-gcc10-UCRT

Version: 0.2.2
Check: PDF version of manual
Result: WARN
    LaTeX errors when creating PDF version.
    This typically indicates Rd problems.
Flavor: r-devel-windows-x86_64-gcc10-UCRT

Version: 0.2.2
Check: PDF version of manual without hyperrefs or index
Result: ERROR
    Re-running with no redirection of stdout/stderr.
Flavor: r-devel-windows-x86_64-gcc10-UCRT