CRAN Package Check Results for Package dimRed

Last updated on 2021-05-06 11:50:21 CEST.

Flavor Version Tinstall Tcheck Ttotal Status Flags
r-devel-linux-x86_64-debian-clang 0.2.3 22.46 289.43 311.89 NOTE
r-devel-linux-x86_64-debian-gcc 0.2.3 18.18 213.83 232.01 NOTE
r-devel-linux-x86_64-fedora-clang 0.2.3 375.57 NOTE
r-devel-linux-x86_64-fedora-gcc 0.2.3 386.14 NOTE
r-devel-windows-ix86+x86_64 0.2.3 28.00 349.00 377.00 NOTE
r-devel-windows-x86_64-gcc10-UCRT 0.2.3 NOTE
r-patched-linux-x86_64 0.2.3 22.82 280.39 303.21 NOTE
r-patched-solaris-x86 0.2.3 494.70 OK
r-release-linux-x86_64 0.2.3 19.68 273.05 292.73 OK
r-release-macos-x86_64 0.2.3 NOTE
r-release-windows-ix86+x86_64 0.2.3 32.00 264.00 296.00 OK
r-oldrel-macos-x86_64 0.2.3 NOTE
r-oldrel-windows-ix86+x86_64 0.2.3 38.00 313.00 351.00 OK

Check Details

Version: 0.2.3
Check: LazyData
Result: NOTE
     'LazyData' is specified without a 'data' directory
Flavors: r-devel-linux-x86_64-debian-clang, r-devel-linux-x86_64-debian-gcc, r-devel-linux-x86_64-fedora-clang, r-devel-linux-x86_64-fedora-gcc, r-devel-windows-ix86+x86_64, r-devel-windows-x86_64-gcc10-UCRT, r-patched-linux-x86_64

Version: 0.2.3
Check: Rd cross-references
Result: NOTE
    Undeclared package ‘CVST’ in Rd xrefs
Flavor: r-devel-linux-x86_64-fedora-clang

Version: 0.2.3
Check: package dependencies
Result: NOTE
    Package suggested but not available for checking: ‘pcaL1’
Flavors: r-release-macos-x86_64, r-oldrel-macos-x86_64