CRAN Package Check Results for Package diffusr

Last updated on 2022-05-17 11:49:37 CEST.

Flavor Version Tinstall Tcheck Ttotal Status Flags
r-devel-linux-x86_64-debian-clang 0.1.4 68.18 48.20 116.38 NOTE
r-devel-linux-x86_64-debian-gcc 0.1.4 49.40 38.81 88.21 NOTE
r-devel-linux-x86_64-fedora-clang 0.1.4 163.96 NOTE
r-devel-linux-x86_64-fedora-gcc 0.1.4 141.61 NOTE
r-devel-windows-x86_64 0.1.4 55.00 90.00 145.00 NOTE
r-patched-linux-x86_64 0.1.4 58.75 48.75 107.50 NOTE
r-release-linux-x86_64 0.1.4 57.03 48.43 105.46 NOTE
r-release-macos-arm64 0.1.4 42.00 NOTE
r-release-macos-x86_64 0.1.4 53.00 NOTE
r-release-windows-x86_64 0.1.4 65.00 89.00 154.00 NOTE
r-oldrel-macos-arm64 0.1.4 49.00 NOTE
r-oldrel-macos-x86_64 0.1.4 79.00 NOTE
r-oldrel-windows-ix86+x86_64 0.1.4 158.00 93.00 251.00 NOTE

Check Details

Version: 0.1.4
Check: LazyData
Result: NOTE
     'LazyData' is specified without a 'data' directory
Flavors: r-devel-linux-x86_64-debian-clang, r-devel-linux-x86_64-debian-gcc, r-devel-linux-x86_64-fedora-clang, r-devel-linux-x86_64-fedora-gcc, r-devel-windows-x86_64, r-patched-linux-x86_64, r-release-linux-x86_64, r-release-macos-arm64, r-release-macos-x86_64, r-release-windows-x86_64, r-oldrel-macos-arm64, r-oldrel-macos-x86_64, r-oldrel-windows-ix86+x86_64

Version: 0.1.4
Check: installed package size
Result: NOTE
     installed size is 9.8Mb
     sub-directories of 1Mb or more:
     libs 8.9Mb
Flavors: r-devel-linux-x86_64-fedora-clang, r-release-macos-arm64, r-release-macos-x86_64, r-oldrel-macos-arm64, r-oldrel-macos-x86_64

Version: 0.1.4
Check: dependencies in R code
Result: NOTE
    Namespace in Imports field not imported from: ‘methods’
     All declared Imports should be used.
Flavors: r-devel-linux-x86_64-fedora-clang, r-devel-linux-x86_64-fedora-gcc, r-release-macos-arm64, r-release-macos-x86_64, r-oldrel-macos-arm64, r-oldrel-macos-x86_64