CRAN Package Check Results for Package diffudist

Last updated on 2022-05-20 11:51:00 CEST.

Flavor Version Tinstall Tcheck Ttotal Status Flags
r-devel-linux-x86_64-debian-clang 1.0.0 40.05 98.52 138.57 OK
r-devel-linux-x86_64-debian-gcc 1.0.0 27.30 73.16 100.46 OK
r-devel-linux-x86_64-fedora-clang 1.0.0 174.12 NOTE
r-devel-windows-x86_64 1.0.0 57.00 137.00 194.00 OK
r-patched-linux-x86_64 1.0.0 34.16 93.52 127.68 OK
r-release-linux-x86_64 1.0.0 31.15 93.02 124.17 OK
r-release-macos-arm64 1.0.0 56.00 OK
r-release-macos-x86_64 1.0.0 99.00 OK
r-release-windows-x86_64 1.0.0 54.00 141.00 195.00 OK
r-oldrel-macos-arm64 1.0.0 263.00 OK
r-oldrel-macos-x86_64 1.0.0 69.00 OK
r-oldrel-windows-ix86+x86_64 1.0.0 96.00 142.00 238.00 OK

Check Details

Version: 1.0.0
Check: Rd cross-references
Result: NOTE
    Undeclared package ‘RColorBrewer’ in Rd xrefs
Flavor: r-devel-linux-x86_64-fedora-clang