Last updated on 2021-03-06 07:53:16 CET.
Flavor | Version | Tinstall | Tcheck | Ttotal | Status | Flags |
---|---|---|---|---|---|---|
r-devel-linux-x86_64-debian-clang | 1.0.1 | 34.18 | 197.42 | 231.60 | OK | |
r-devel-linux-x86_64-debian-gcc | 1.0.1 | 19.50 | 141.88 | 161.38 | OK | |
r-devel-linux-x86_64-fedora-clang | 1.0.1 | 282.26 | NOTE | |||
r-devel-linux-x86_64-fedora-gcc | 1.0.1 | 270.99 | NOTE | |||
r-devel-windows-ix86+x86_64 | 1.0.1 | 71.00 | 491.00 | 562.00 | OK | |
r-patched-linux-x86_64 | 1.0.1 | OK | ||||
r-patched-solaris-x86 | 1.0.1 | 452.90 | NOTE | |||
r-release-linux-x86_64 | 1.0.1 | 25.93 | 195.20 | 221.13 | OK | |
r-release-macos-x86_64 | 1.0.1 | NOTE | ||||
r-release-windows-ix86+x86_64 | 1.0.1 | 49.00 | 397.00 | 446.00 | OK | |
r-oldrel-macos-x86_64 | 1.0.1 | NOTE | ||||
r-oldrel-windows-ix86+x86_64 | 1.0.1 | 47.00 | 353.00 | 400.00 | OK |
Version: 1.0.1
Check: dependencies in R code
Result: NOTE
Namespace in Imports field not imported from: ‘tibble’
All declared Imports should be used.
Flavors: r-devel-linux-x86_64-fedora-clang, r-devel-linux-x86_64-fedora-gcc, r-patched-solaris-x86, r-release-macos-x86_64, r-oldrel-macos-x86_64
Version: 1.0.1
Check: Rd cross-references
Result: NOTE
Undeclared package ‘RColorBrewer’ in Rd xrefs
Flavor: r-devel-linux-x86_64-fedora-clang