CRAN Package Check Results for Package dgumbel

Last updated on 2024-07-21 15:53:31 CEST.

Flavor Version Tinstall Tcheck Ttotal Status Flags
r-devel-linux-x86_64-debian-clang 1.0.1 17.62 28.69 46.31 NOTE
r-devel-linux-x86_64-debian-gcc 1.0.1 15.71 21.84 37.55 NOTE
r-devel-linux-x86_64-fedora-clang 1.0.1 78.09 NOTE
r-devel-linux-x86_64-fedora-gcc 1.0.1 74.62 NOTE
r-devel-windows-x86_64 1.0.1 19.00 61.00 80.00 NOTE
r-patched-linux-x86_64 1.0.1 23.28 26.83 50.11 NOTE
r-release-linux-x86_64 1.0.1 24.95 26.44 51.39 NOTE
r-release-macos-arm64 1.0.1 22.00 NOTE
r-release-macos-x86_64 1.0.1 32.00 NOTE
r-release-windows-x86_64 1.0.1 23.00 56.00 79.00 NOTE
r-oldrel-macos-arm64 1.0.1 27.00 NOTE
r-oldrel-macos-x86_64 1.0.1 37.00 NOTE
r-oldrel-windows-x86_64 1.0.1 30.00 66.00 96.00 NOTE

Check Details

Version: 1.0.1
Check: C++ specification
Result: NOTE Specified C++11: please drop specification unless essential Flavors: r-devel-linux-x86_64-debian-clang, r-devel-linux-x86_64-debian-gcc, r-devel-linux-x86_64-fedora-clang, r-devel-linux-x86_64-fedora-gcc, r-devel-windows-x86_64, r-patched-linux-x86_64, r-release-linux-x86_64, r-release-macos-arm64, r-release-macos-x86_64, r-release-windows-x86_64, r-oldrel-macos-arm64, r-oldrel-macos-x86_64, r-oldrel-windows-x86_64