CRAN Package Check Results for Package dga

Last updated on 2024-06-21 20:48:12 CEST.

Flavor Version Tinstall Tcheck Ttotal Status Flags
r-devel-linux-x86_64-debian-clang 2.0.1 33.82 42.55 76.37 NOTE
r-devel-linux-x86_64-debian-gcc 2.0.1 24.09 31.78 55.87 NOTE
r-devel-linux-x86_64-fedora-clang 2.0.1 103.44 NOTE
r-devel-linux-x86_64-fedora-gcc 2.0.1 105.60 NOTE
r-devel-windows-x86_64 2.0.1 28.00 73.00 101.00 NOTE
r-patched-linux-x86_64 2.0.1 30.62 39.60 70.22 NOTE
r-release-linux-x86_64 2.0.1 27.02 40.87 67.89 NOTE
r-release-macos-arm64 2.0.1 28.00 NOTE
r-release-macos-x86_64 2.0.1 39.00 NOTE
r-release-windows-x86_64 2.0.1 29.00 82.00 111.00 NOTE
r-oldrel-macos-arm64 2.0.1 30.00 NOTE
r-oldrel-macos-x86_64 2.0.1 48.00 NOTE
r-oldrel-windows-x86_64 2.0.1 33.00 86.00 119.00 NOTE

Check Details

Version: 2.0.1
Check: C++ specification
Result: NOTE Specified C++11: please drop specification unless essential Flavors: r-devel-linux-x86_64-debian-clang, r-devel-linux-x86_64-debian-gcc, r-devel-linux-x86_64-fedora-clang, r-devel-linux-x86_64-fedora-gcc, r-devel-windows-x86_64, r-patched-linux-x86_64, r-release-linux-x86_64, r-release-macos-arm64, r-release-macos-x86_64, r-release-windows-x86_64, r-oldrel-macos-arm64, r-oldrel-macos-x86_64, r-oldrel-windows-x86_64