CRAN Package Check Results for Package dfpk

Last updated on 2022-05-17 11:49:37 CEST.

Flavor Version Tinstall Tcheck Ttotal Status Flags
r-devel-linux-x86_64-debian-clang 3.5.1 209.76 139.37 349.13 NOTE
r-devel-linux-x86_64-debian-gcc 3.5.1 191.53 109.11 300.64 NOTE
r-devel-linux-x86_64-fedora-clang 3.5.1 476.27 NOTE
r-devel-linux-x86_64-fedora-gcc 3.5.1 499.73 NOTE
r-devel-windows-x86_64 3.5.1 141.00 189.00 330.00 NOTE
r-patched-linux-x86_64 3.5.1 146.05 138.14 284.19 NOTE
r-release-linux-x86_64 3.5.1 145.90 134.94 280.84 NOTE
r-release-macos-arm64 3.5.1 125.00 NOTE
r-release-macos-x86_64 3.5.1 232.00 NOTE
r-release-windows-x86_64 3.5.1 153.00 199.00 352.00 NOTE
r-oldrel-macos-arm64 3.5.1 147.00 NOTE
r-oldrel-macos-x86_64 3.5.1 261.00 NOTE
r-oldrel-windows-ix86+x86_64 3.5.1 439.00 230.00 669.00 NOTE

Check Details

Version: 3.5.1
Check: for GNU extensions in Makefiles
Result: NOTE
    GNU make is a SystemRequirements.
Flavors: r-devel-linux-x86_64-debian-clang, r-devel-linux-x86_64-debian-gcc, r-devel-linux-x86_64-fedora-clang, r-devel-linux-x86_64-fedora-gcc, r-devel-windows-x86_64, r-patched-linux-x86_64, r-release-linux-x86_64, r-release-macos-arm64, r-release-macos-x86_64, r-release-windows-x86_64, r-oldrel-macos-arm64, r-oldrel-macos-x86_64, r-oldrel-windows-ix86+x86_64

Version: 3.5.1
Check: installed package size
Result: NOTE
     installed size is 37.5Mb
     sub-directories of 1Mb or more:
     libs 36.8Mb
Flavors: r-devel-linux-x86_64-fedora-clang, r-release-macos-arm64, r-release-macos-x86_64, r-oldrel-macos-arm64, r-oldrel-macos-x86_64, r-oldrel-windows-ix86+x86_64