CRAN Package Check Results for Package dfoliatR

Last updated on 2021-02-26 15:50:50 CET.

Flavor Version Tinstall Tcheck Ttotal Status Flags
r-devel-linux-x86_64-debian-clang 0.2.0 5.87 80.74 86.61 OK
r-devel-linux-x86_64-debian-gcc 0.2.0 4.95 59.86 64.81 OK
r-devel-linux-x86_64-fedora-clang 0.2.0 117.95 NOTE
r-devel-linux-x86_64-fedora-gcc 0.2.0 106.18 NOTE
r-devel-windows-ix86+x86_64 0.2.0 12.00 78.00 90.00 OK
r-patched-linux-x86_64 0.2.0 5.71 75.48 81.19 OK
r-patched-solaris-x86 0.2.0 148.60 NOTE
r-release-linux-x86_64 0.2.0 4.56 75.78 80.34 OK
r-release-macos-x86_64 0.2.0 NOTE
r-release-windows-ix86+x86_64 0.2.0 16.00 103.00 119.00 OK
r-oldrel-macos-x86_64 0.2.0 NOTE
r-oldrel-windows-ix86+x86_64 0.2.0 10.00 104.00 114.00 OK

Check Details

Version: 0.2.0
Check: dependencies in R code
Result: NOTE
    Namespaces in Imports field not imported from:
     ‘MASS’ ‘plyr’
     All declared Imports should be used.
Flavors: r-devel-linux-x86_64-fedora-clang, r-devel-linux-x86_64-fedora-gcc, r-patched-solaris-x86, r-release-macos-x86_64, r-oldrel-macos-x86_64