Last updated on 2022-05-22 23:51:41 CEST.
Flavor | Version | Tinstall | Tcheck | Ttotal | Status | Flags |
---|---|---|---|---|---|---|
r-devel-linux-x86_64-debian-clang | 0.1 | 2.98 | 40.37 | 43.35 | NOTE | |
r-devel-linux-x86_64-debian-gcc | 0.1 | 2.55 | 30.19 | 32.74 | NOTE | |
r-devel-linux-x86_64-fedora-clang | 0.1 | 51.97 | NOTE | |||
r-devel-linux-x86_64-fedora-gcc | 0.1 | 50.61 | NOTE | |||
r-devel-windows-x86_64 | 0.1 | 14.00 | 56.00 | 70.00 | NOTE | |
r-patched-linux-x86_64 | 0.1 | 2.67 | 38.39 | 41.06 | NOTE | |
r-release-linux-x86_64 | 0.1 | 3.49 | 38.25 | 41.74 | NOTE | |
r-release-macos-arm64 | 0.1 | 21.00 | NOTE | |||
r-release-macos-x86_64 | 0.1 | 23.00 | NOTE | |||
r-release-windows-x86_64 | 0.1 | 8.00 | 56.00 | 64.00 | NOTE | |
r-oldrel-macos-arm64 | 0.1 | 24.00 | NOTE | |||
r-oldrel-macos-x86_64 | 0.1 | 31.00 | NOTE | |||
r-oldrel-windows-ix86+x86_64 | 0.1 | 12.00 | 50.00 | 62.00 | NOTE |
Version: 0.1
Check: LazyData
Result: NOTE
'LazyData' is specified without a 'data' directory
Flavors: r-devel-linux-x86_64-debian-clang, r-devel-linux-x86_64-debian-gcc, r-devel-linux-x86_64-fedora-clang, r-devel-linux-x86_64-fedora-gcc, r-devel-windows-x86_64, r-patched-linux-x86_64, r-release-linux-x86_64, r-release-macos-arm64, r-release-macos-x86_64, r-release-windows-x86_64, r-oldrel-macos-arm64, r-oldrel-macos-x86_64, r-oldrel-windows-ix86+x86_64