CRAN Package Check Results for Package detrendr

Last updated on 2021-03-06 07:53:16 CET.

Flavor Version Tinstall Tcheck Ttotal Status Flags
r-devel-linux-x86_64-debian-clang 0.6.12 137.10 109.04 246.14 NOTE
r-devel-linux-x86_64-debian-gcc 0.6.12 87.43 80.23 167.66 NOTE
r-devel-linux-x86_64-fedora-clang 0.6.12 342.84 NOTE
r-devel-linux-x86_64-fedora-gcc 0.6.12 294.25 NOTE
r-devel-windows-ix86+x86_64 0.6.12 289.00 201.00 490.00 NOTE
r-patched-linux-x86_64 0.6.12 NOTE
r-patched-solaris-x86 0.6.12 344.80 NOTE
r-release-linux-x86_64 0.6.12 99.39 108.03 207.42 NOTE
r-release-macos-x86_64 0.6.12 NOTE
r-release-windows-ix86+x86_64 0.6.12 247.00 170.00 417.00 NOTE
r-oldrel-macos-x86_64 0.6.12 NOTE
r-oldrel-windows-ix86+x86_64 0.6.12 227.00 144.00 371.00 NOTE

Check Details

Version: 0.6.12
Check: for GNU extensions in Makefiles
Result: NOTE
    GNU make is a SystemRequirements.
Flavors: r-devel-linux-x86_64-debian-clang, r-devel-linux-x86_64-debian-gcc, r-devel-linux-x86_64-fedora-clang, r-devel-linux-x86_64-fedora-gcc, r-devel-windows-ix86+x86_64, r-patched-linux-x86_64, r-patched-solaris-x86, r-release-linux-x86_64, r-release-macos-x86_64, r-release-windows-ix86+x86_64, r-oldrel-macos-x86_64, r-oldrel-windows-ix86+x86_64

Version: 0.6.12
Check: installed package size
Result: NOTE
     installed size is 6.1Mb
     sub-directories of 1Mb or more:
     libs 4.9Mb
Flavor: r-devel-linux-x86_64-fedora-clang