CRAN Package Check Results for Package desplot

Last updated on 2021-09-20 15:52:38 CEST.

Flavor Version Tinstall Tcheck Ttotal Status Flags
r-devel-linux-x86_64-debian-clang 1.8 6.28 64.64 70.92 NOTE
r-devel-linux-x86_64-debian-gcc 1.8 5.08 48.07 53.15 NOTE
r-devel-linux-x86_64-fedora-clang 1.8 92.22 NOTE
r-devel-linux-x86_64-fedora-gcc 1.8 80.77 NOTE
r-devel-windows-x86_64 1.8 8.00 62.00 70.00 NOTE
r-devel-windows-x86_64-gcc10-UCRT 1.8 ERROR
r-patched-linux-x86_64 1.8 6.42 58.65 65.07 NOTE
r-patched-solaris-x86 1.8 113.30 NOTE
r-release-linux-x86_64 1.8 5.07 58.58 63.65 NOTE
r-release-macos-arm64 1.8 NOTE
r-release-macos-x86_64 1.8 NOTE
r-release-windows-ix86+x86_64 1.8 15.00 67.00 82.00 NOTE
r-oldrel-macos-x86_64 1.8 OK
r-oldrel-windows-ix86+x86_64 1.8 15.00 100.00 115.00 OK

Check Details

Version: 1.8
Check: LazyData
Result: NOTE
     'LazyData' is specified without a 'data' directory
Flavors: r-devel-linux-x86_64-debian-clang, r-devel-linux-x86_64-debian-gcc, r-devel-linux-x86_64-fedora-clang, r-devel-linux-x86_64-fedora-gcc, r-devel-windows-x86_64, r-devel-windows-x86_64-gcc10-UCRT, r-patched-linux-x86_64, r-patched-solaris-x86, r-release-linux-x86_64, r-release-macos-arm64, r-release-macos-x86_64, r-release-windows-ix86+x86_64

Version: 1.8
Check: whether package can be installed
Result: WARN
    Found the following significant warnings:
     WARNING: installation-time patches will not be applied, could not get the patches index
Flavor: r-devel-windows-x86_64-gcc10-UCRT

Version: 1.8
Check: PDF version of manual
Result: WARN
    LaTeX errors when creating PDF version.
    This typically indicates Rd problems.
Flavor: r-devel-windows-x86_64-gcc10-UCRT

Version: 1.8
Check: PDF version of manual without hyperrefs or index
Result: ERROR
    Re-running with no redirection of stdout/stderr.
Flavor: r-devel-windows-x86_64-gcc10-UCRT