CRAN Package Check Results for Package desctable

Last updated on 2021-06-13 19:49:31 CEST.

Flavor Version Tinstall Tcheck Ttotal Status Flags
r-devel-linux-x86_64-debian-clang 0.1.9 5.31 57.32 62.63 NOTE
r-devel-linux-x86_64-debian-gcc 0.1.9 4.34 43.23 47.57 NOTE
r-devel-linux-x86_64-fedora-clang 0.1.9 88.79 NOTE
r-devel-linux-x86_64-fedora-gcc 0.1.9 72.57 NOTE
r-devel-windows-x86_64 0.1.9 11.00 88.00 99.00 NOTE
r-devel-windows-x86_64-gcc10-UCRT 0.1.9 NOTE
r-patched-linux-x86_64 0.1.9 8.78 53.68 62.46 NOTE
r-patched-solaris-x86 0.1.9 105.70 NOTE
r-release-linux-x86_64 0.1.9 5.42 53.91 59.33 NOTE
r-release-macos-arm64 0.1.9 NOTE
r-release-macos-x86_64 0.1.9 NOTE
r-release-windows-ix86+x86_64 0.1.9 21.00 77.00 98.00 NOTE
r-oldrel-macos-x86_64 0.1.9 OK
r-oldrel-windows-ix86+x86_64 0.1.9 21.00 82.00 103.00 OK

Check Details

Version: 0.1.9
Check: LazyData
Result: NOTE
     'LazyData' is specified without a 'data' directory
Flavors: r-devel-linux-x86_64-debian-clang, r-devel-linux-x86_64-debian-gcc, r-devel-linux-x86_64-fedora-clang, r-devel-linux-x86_64-fedora-gcc, r-devel-windows-x86_64, r-devel-windows-x86_64-gcc10-UCRT, r-patched-linux-x86_64, r-patched-solaris-x86, r-release-linux-x86_64, r-release-macos-arm64, r-release-macos-x86_64, r-release-windows-ix86+x86_64

Version: 0.1.9
Check: Rd cross-references
Result: NOTE
    Undeclared package ‘htmlwidgets’ in Rd xrefs
Flavor: r-devel-linux-x86_64-fedora-clang