CRAN Package Check Results for Package describedata

Last updated on 2024-06-13 12:49:31 CEST.

Flavor Version Tinstall Tcheck Ttotal Status Flags
r-devel-linux-x86_64-debian-clang 0.1.0 5.29 73.13 78.42 NOTE
r-devel-linux-x86_64-debian-gcc 0.1.0 0.35 1.72 2.07 ERROR
r-devel-linux-x86_64-fedora-clang 0.1.0 100.85 NOTE
r-devel-linux-x86_64-fedora-gcc 0.1.0 91.84 NOTE
r-devel-windows-x86_64 0.1.0 7.00 72.00 79.00 NOTE
r-patched-linux-x86_64 0.1.0 6.52 69.60 76.12 NOTE
r-release-linux-x86_64 0.1.0 4.48 69.45 73.93 NOTE
r-release-macos-arm64 0.1.0 34.00 NOTE
r-release-macos-x86_64 0.1.0 53.00 NOTE
r-release-windows-x86_64 0.1.0 8.00 71.00 79.00 NOTE
r-oldrel-macos-arm64 0.1.0 36.00 NOTE
r-oldrel-macos-x86_64 0.1.0 50.00 NOTE
r-oldrel-windows-x86_64 0.1.0 9.00 86.00 95.00 NOTE

Check Details

Version: 0.1.0
Check: LazyData
Result: NOTE 'LazyData' is specified without a 'data' directory Flavors: r-devel-linux-x86_64-debian-clang, r-devel-linux-x86_64-fedora-clang, r-devel-linux-x86_64-fedora-gcc, r-devel-windows-x86_64, r-patched-linux-x86_64, r-release-linux-x86_64, r-release-macos-arm64, r-release-macos-x86_64, r-release-windows-x86_64, r-oldrel-macos-arm64, r-oldrel-macos-x86_64, r-oldrel-windows-x86_64

Version: 0.1.0
Check: package dependencies
Result: ERROR Packages required but not available: 'dplyr', 'forcats', 'tibble', 'tidyr', 'purrr', 'broom', 'stringr', 'haven', 'ggplot2' Package suggested but not available for checking: ‘testthat’ See section ‘The DESCRIPTION file’ in the ‘Writing R Extensions’ manual. Flavor: r-devel-linux-x86_64-debian-gcc