CRAN Package Check Results for Package depth

Last updated on 2022-08-07 23:59:03 CEST.

Flavor Version Tinstall Tcheck Ttotal Status Flags
r-devel-linux-x86_64-debian-clang 2.1-1.1 11.15 60.29 71.44 OK
r-devel-linux-x86_64-debian-gcc 2.1-1.1 10.49 46.88 57.37 OK
r-devel-linux-x86_64-fedora-clang 2.1-1.1 97.68 NOTE
r-devel-linux-x86_64-fedora-gcc 2.1-1.1 95.66 NOTE
r-devel-windows-x86_64 2.1-1.1 20.00 90.00 110.00 OK
r-patched-linux-x86_64 2.1-1.1 11.97 58.18 70.15 OK
r-release-linux-x86_64 2.1-1.1 11.76 57.60 69.36 OK
r-release-macos-arm64 2.1-1.1 35.00 OK
r-release-macos-x86_64 2.1-1.1 42.00 OK
r-release-windows-x86_64 2.1-1.1 21.00 90.00 111.00 OK
r-oldrel-macos-arm64 2.1-1.1 45.00 OK
r-oldrel-macos-x86_64 2.1-1.1 63.00 OK
r-oldrel-windows-ix86+x86_64 2.1-1.1 27.00 100.00 127.00 OK

Check Details

Version: 2.1-1.1
Check: compiled code
Result: NOTE
    File ‘depth/libs/depth.so’:
     Found no calls to: ‘R_registerRoutines’, ‘R_useDynamicSymbols’
    
    It is good practice to register native routines and to disable symbol
    search.
    
    See ‘Writing portable packages’ in the ‘Writing R Extensions’ manual.
Flavors: r-devel-linux-x86_64-fedora-clang, r-devel-linux-x86_64-fedora-gcc