CRAN Package Check Results for Package deisotoper

Last updated on 2021-06-18 15:50:22 CEST.

Flavor Version Tinstall Tcheck Ttotal Status Flags
r-devel-linux-x86_64-debian-clang 0.0.7 3.94 50.12 54.06 NOTE
r-devel-linux-x86_64-debian-gcc 0.0.7 2.89 39.36 42.25 NOTE
r-devel-linux-x86_64-fedora-clang 0.0.7 77.56 NOTE
r-devel-linux-x86_64-fedora-gcc 0.0.7 66.58 NOTE
r-devel-windows-x86_64 0.0.7 6.00 76.00 82.00 NOTE
r-devel-windows-x86_64-gcc10-UCRT 0.0.7 NOTE
r-patched-linux-x86_64 0.0.7 3.42 49.26 52.68 NOTE
r-release-linux-x86_64 0.0.7 3.60 49.98 53.58 NOTE
r-release-macos-arm64 0.0.7 ERROR
r-release-macos-x86_64 0.0.7 NOTE
r-release-windows-ix86+x86_64 0.0.7 9.00 73.00 82.00 NOTE
r-oldrel-macos-x86_64 0.0.7 OK
r-oldrel-windows-ix86+x86_64 0.0.7 7.00 72.00 79.00 OK

Check Details

Version: 0.0.7
Check: LazyData
Result: NOTE
     'LazyData' is specified without a 'data' directory
Flavors: r-devel-linux-x86_64-debian-clang, r-devel-linux-x86_64-debian-gcc, r-devel-linux-x86_64-fedora-clang, r-devel-linux-x86_64-fedora-gcc, r-devel-windows-x86_64, r-devel-windows-x86_64-gcc10-UCRT, r-patched-linux-x86_64, r-release-linux-x86_64, r-release-macos-x86_64, r-release-windows-ix86+x86_64

Version: 0.0.7
Check: whether package can be installed
Result: ERROR
    Installation failed.
Flavor: r-release-macos-arm64