CRAN Package Check Results for Package deformula

Last updated on 2023-12-04 07:50:52 CET.

Flavor Version Tinstall Tcheck Ttotal Status Flags
r-devel-linux-x86_64-debian-clang 0.1.2 20.66 28.35 49.01 NOTE
r-devel-linux-x86_64-debian-gcc 0.1.2 12.67 22.07 34.74 NOTE
r-devel-linux-x86_64-fedora-clang 0.1.2 68.43 NOTE
r-devel-linux-x86_64-fedora-gcc 0.1.2 65.72 NOTE
r-devel-windows-x86_64 0.1.2 16.00 63.00 79.00 NOTE
r-patched-linux-x86_64 0.1.2 16.93 28.24 45.17 NOTE
r-release-linux-x86_64 0.1.2 15.77 28.11 43.88 NOTE
r-release-macos-arm64 0.1.2 23.00 NOTE
r-release-macos-x86_64 0.1.2 36.00 NOTE
r-release-windows-x86_64 0.1.2 20.00 63.00 83.00 NOTE
r-oldrel-macos-arm64 0.1.2 22.00 OK
r-oldrel-macos-x86_64 0.1.2 32.00 OK
r-oldrel-windows-x86_64 0.1.2 21.00 66.00 87.00 OK

Check Details

Version: 0.1.2
Check: C++ specification
Result: NOTE Specified C++11: please drop specification unless essential Flavors: r-devel-linux-x86_64-debian-clang, r-devel-linux-x86_64-debian-gcc, r-devel-linux-x86_64-fedora-clang, r-devel-linux-x86_64-fedora-gcc, r-devel-windows-x86_64, r-patched-linux-x86_64, r-release-linux-x86_64, r-release-macos-arm64, r-release-macos-x86_64, r-release-windows-x86_64