CRAN Package Check Results for Package deeplr

Last updated on 2021-09-21 07:50:02 CEST.

Flavor Version Tinstall Tcheck Ttotal Status Flags
r-devel-linux-x86_64-debian-clang 2.0.0 4.40 39.79 44.19 OK
r-devel-linux-x86_64-debian-gcc 2.0.0 3.19 30.56 33.75 OK
r-devel-linux-x86_64-fedora-clang 2.0.0 63.12 OK
r-devel-linux-x86_64-fedora-gcc 2.0.0 49.75 OK
r-devel-windows-x86_64 2.0.0 7.00 45.00 52.00 OK
r-devel-windows-x86_64-gcc10-UCRT 2.0.0 ERROR
r-patched-linux-x86_64 2.0.0 4.56 37.74 42.30 OK
r-patched-solaris-x86 2.0.0 75.20 OK
r-release-linux-x86_64 2.0.0 4.22 37.82 42.04 OK
r-release-macos-arm64 2.0.0 OK
r-release-macos-x86_64 2.0.0 OK
r-release-windows-ix86+x86_64 2.0.0 10.00 45.00 55.00 OK
r-oldrel-macos-x86_64 2.0.0 OK
r-oldrel-windows-ix86+x86_64 2.0.0 11.00 49.00 60.00 OK

Check Details

Version: 2.0.0
Check: whether package can be installed
Result: WARN
    Found the following significant warnings:
     WARNING: installation-time patches will not be applied, could not get the patches index
Flavor: r-devel-windows-x86_64-gcc10-UCRT

Version: 2.0.0
Check: PDF version of manual
Result: WARN
    LaTeX errors when creating PDF version.
    This typically indicates Rd problems.
Flavor: r-devel-windows-x86_64-gcc10-UCRT

Version: 2.0.0
Check: PDF version of manual without hyperrefs or index
Result: ERROR
    Re-running with no redirection of stdout/stderr.
Flavor: r-devel-windows-x86_64-gcc10-UCRT