Last updated on 2023-05-29 11:56:52 CEST.
Flavor | Version | Tinstall | Tcheck | Ttotal | Status | Flags |
---|---|---|---|---|---|---|
r-devel-linux-x86_64-debian-clang | 0.1.1 | 7.11 | 65.27 | 72.38 | OK | |
r-devel-linux-x86_64-debian-gcc | 0.1.1 | 5.61 | 48.81 | 54.42 | OK | |
r-devel-linux-x86_64-fedora-clang | 0.1.1 | 89.05 | NOTE | |||
r-devel-linux-x86_64-fedora-gcc | 0.1.1 | 85.82 | NOTE | |||
r-devel-windows-x86_64 | 0.1.1 | 7.00 | 71.00 | 78.00 | OK | |
r-patched-linux-x86_64 | 0.1.1 | 7.42 | 61.07 | 68.49 | OK | |
r-release-linux-x86_64 | 0.1.1 | 6.04 | 61.89 | 67.93 | OK | |
r-release-macos-arm64 | 0.1.1 | 32.00 | OK | |||
r-release-macos-x86_64 | 0.1.1 | 47.00 | OK | |||
r-release-windows-x86_64 | 0.1.1 | 9.00 | 81.00 | 90.00 | OK | |
r-oldrel-macos-arm64 | 0.1.1 | 31.00 | NOTE | |||
r-oldrel-macos-x86_64 | 0.1.1 | 53.00 | NOTE | |||
r-oldrel-windows-x86_64 | 0.1.1 | 10.00 | 79.00 | 89.00 | OK |
Version: 0.1.1
Check: dependencies in R code
Result: NOTE
Namespace in Imports field not imported from: ‘dplyr’
All declared Imports should be used.
Flavors: r-devel-linux-x86_64-fedora-clang, r-devel-linux-x86_64-fedora-gcc, r-oldrel-macos-arm64, r-oldrel-macos-x86_64