Last updated on 2021-03-01 19:47:58 CET.
Flavor | Version | Tinstall | Tcheck | Ttotal | Status | Flags |
---|---|---|---|---|---|---|
r-devel-linux-x86_64-debian-clang | 1.15 | OK | ||||
r-devel-linux-x86_64-debian-gcc | 1.15 | 6.13 | 101.45 | 107.58 | OK | |
r-devel-linux-x86_64-fedora-clang | 1.15 | 182.10 | OK | |||
r-devel-linux-x86_64-fedora-gcc | 1.15 | 171.30 | OK | |||
r-devel-windows-ix86+x86_64 | 1.15 | 14.00 | 144.00 | 158.00 | OK | |
r-patched-linux-x86_64 | 1.15 | 7.04 | 134.59 | 141.63 | OK | |
r-patched-solaris-x86 | 1.15 | 249.50 | NOTE | |||
r-release-linux-x86_64 | 1.15 | 8.29 | 133.63 | 141.92 | OK | |
r-release-macos-x86_64 | 1.15 | OK | ||||
r-release-windows-ix86+x86_64 | 1.15 | 16.00 | 187.00 | 203.00 | OK | |
r-oldrel-macos-x86_64 | 1.15 | OK | ||||
r-oldrel-windows-ix86+x86_64 | 1.15 | 9.00 | 192.00 | 201.00 | OK |
Version: 1.15
Check: installed package size
Result: NOTE
installed size is 5.7Mb
sub-directories of 1Mb or more:
sample_data 3.6Mb
Flavor: r-patched-solaris-x86