CRAN Package Check Results for Package ddc

Last updated on 2024-06-13 16:49:04 CEST.

Flavor Version Tinstall Tcheck Ttotal Status Flags
r-devel-linux-x86_64-debian-clang 1.0.1 3.36 32.88 36.24 OK
r-devel-linux-x86_64-debian-gcc 1.0.1 0.35 1.87 2.22 ERROR
r-devel-linux-x86_64-fedora-clang 1.0.1 48.52 OK
r-devel-linux-x86_64-fedora-gcc 1.0.1 57.93 OK
r-devel-windows-x86_64 1.0.1 4.00 48.00 52.00 OK
r-patched-linux-x86_64 1.0.1 2.85 32.23 35.08 OK
r-release-linux-x86_64 1.0.1 1.91 33.32 35.23 OK
r-release-macos-arm64 1.0.1 25.00 OK
r-release-macos-x86_64 1.0.1 37.00 OK
r-release-windows-x86_64 1.0.1 4.00 50.00 54.00 OK
r-oldrel-macos-arm64 1.0.1 25.00 OK
r-oldrel-macos-x86_64 1.0.1 36.00 OK
r-oldrel-windows-x86_64 1.0.1 6.00 49.00 55.00 OK

Check Details

Version: 1.0.1
Check: package dependencies
Result: ERROR Package required but not available: ‘dtwclust’ Package suggested but not available for checking: ‘testthat’ See section ‘The DESCRIPTION file’ in the ‘Writing R Extensions’ manual. Flavor: r-devel-linux-x86_64-debian-gcc