Last updated on 2021-04-12 07:47:02 CEST.
Flavor | Version | Tinstall | Tcheck | Ttotal | Status | Flags |
---|---|---|---|---|---|---|
r-devel-linux-x86_64-debian-clang | 1.3.11 | 197.80 | 128.12 | 325.92 | OK | |
r-devel-linux-x86_64-debian-gcc | 1.3.11 | 115.71 | 93.17 | 208.88 | OK | |
r-devel-linux-x86_64-fedora-clang | 1.3.11 | 431.60 | NOTE | |||
r-devel-linux-x86_64-fedora-gcc | 1.3.11 | 370.79 | OK | |||
r-devel-windows-ix86+x86_64 | 1.3.11 | 435.00 | 220.00 | 655.00 | OK | |
r-devel-windows-x86_64-gcc10-UCRT | 1.3.11 | OK | ||||
r-patched-linux-x86_64 | 1.3.11 | 135.85 | 115.99 | 251.84 | OK | |
r-patched-solaris-x86 | 1.3.11 | 382.50 | OK | |||
r-release-linux-x86_64 | 1.3.11 | 139.00 | 116.71 | 255.71 | OK | |
r-release-macos-x86_64 | 1.3.11 | OK | ||||
r-release-windows-ix86+x86_64 | 1.3.11 | 320.00 | 212.00 | 532.00 | OK | |
r-oldrel-macos-x86_64 | 1.3.11 | OK | ||||
r-oldrel-windows-ix86+x86_64 | 1.3.11 | 401.00 | 157.00 | 558.00 | OK |
Version: 1.3.11
Check: installed package size
Result: NOTE
installed size is 5.3Mb
sub-directories of 1Mb or more:
libs 4.0Mb
Flavor: r-devel-linux-x86_64-fedora-clang
Version: 1.3.11
Check: Rd cross-references
Result: NOTE
Undeclared package ‘fda.usc’ in Rd xrefs
Flavor: r-devel-linux-x86_64-fedora-clang