Last updated on 2022-08-12 03:53:24 CEST.
Flavor | Version | Tinstall | Tcheck | Ttotal | Status | Flags |
---|---|---|---|---|---|---|
r-devel-linux-x86_64-debian-clang | 0.1.1 | 125.41 | 28.69 | 154.10 | NOTE | |
r-devel-linux-x86_64-debian-gcc | 0.1.1 | 103.70 | 22.46 | 126.16 | NOTE | |
r-devel-linux-x86_64-fedora-clang | 0.1.1 | 266.66 | NOTE | |||
r-devel-linux-x86_64-fedora-gcc | 0.1.1 | 237.62 | NOTE | |||
r-devel-windows-x86_64 | 0.1.1 | 113.00 | 73.00 | 186.00 | NOTE | |
r-patched-linux-x86_64 | 0.1.1 | 108.44 | 27.76 | 136.20 | NOTE | |
r-release-linux-x86_64 | 0.1.1 | 111.85 | 28.08 | 139.93 | NOTE | |
r-release-macos-arm64 | 0.1.1 | 51.00 | NOTE | |||
r-release-macos-x86_64 | 0.1.1 | 79.00 | NOTE | |||
r-release-windows-x86_64 | 0.1.1 | 111.00 | 77.00 | 188.00 | NOTE | |
r-oldrel-macos-arm64 | 0.1.1 | 54.00 | NOTE | |||
r-oldrel-macos-x86_64 | 0.1.1 | 115.00 | NOTE | |||
r-oldrel-windows-ix86+x86_64 | 0.1.1 | 340.00 | 74.00 | 414.00 | NOTE |
Version: 0.1.1
Check: LazyData
Result: NOTE
'LazyData' is specified without a 'data' directory
Flavors: r-devel-linux-x86_64-debian-clang, r-devel-linux-x86_64-debian-gcc, r-devel-linux-x86_64-fedora-clang, r-devel-linux-x86_64-fedora-gcc, r-devel-windows-x86_64, r-patched-linux-x86_64, r-release-linux-x86_64, r-release-macos-arm64, r-release-macos-x86_64, r-release-windows-x86_64, r-oldrel-macos-arm64, r-oldrel-macos-x86_64, r-oldrel-windows-ix86+x86_64
Version: 0.1.1
Check: installed package size
Result: NOTE
installed size is 5.0Mb
sub-directories of 1Mb or more:
libs 4.9Mb
Flavor: r-oldrel-macos-arm64