CRAN Package Check Results for Package dcov

Last updated on 2021-09-21 07:50:01 CEST.

Flavor Version Tinstall Tcheck Ttotal Status Flags
r-devel-linux-x86_64-debian-clang 0.1.1 150.96 27.13 178.09 NOTE
r-devel-linux-x86_64-debian-gcc 0.1.1 93.88 21.59 115.47 NOTE
r-devel-linux-x86_64-fedora-clang 0.1.1 258.29 NOTE
r-devel-linux-x86_64-fedora-gcc 0.1.1 215.15 NOTE
r-devel-windows-x86_64 0.1.1 129.00 45.00 174.00 NOTE
r-devel-windows-x86_64-gcc10-UCRT 0.1.1 ERROR
r-patched-linux-x86_64 0.1.1 113.14 26.83 139.97 NOTE
r-patched-solaris-x86 0.1.1 192.00 NOTE
r-release-linux-x86_64 0.1.1 107.96 26.85 134.81 NOTE
r-release-macos-arm64 0.1.1 NOTE
r-release-macos-x86_64 0.1.1 NOTE
r-release-windows-ix86+x86_64 0.1.1 333.00 58.00 391.00 NOTE
r-oldrel-macos-x86_64 0.1.1 OK
r-oldrel-windows-ix86+x86_64 0.1.1 321.00 56.00 377.00 OK

Check Details

Version: 0.1.1
Check: LazyData
Result: NOTE
     'LazyData' is specified without a 'data' directory
Flavors: r-devel-linux-x86_64-debian-clang, r-devel-linux-x86_64-debian-gcc, r-devel-linux-x86_64-fedora-clang, r-devel-linux-x86_64-fedora-gcc, r-devel-windows-x86_64, r-patched-linux-x86_64, r-patched-solaris-x86, r-release-linux-x86_64, r-release-macos-arm64, r-release-macos-x86_64, r-release-windows-ix86+x86_64

Version: 0.1.1
Check: whether package can be installed
Result: ERROR
    Installation failed.
Flavor: r-devel-windows-x86_64-gcc10-UCRT

Version: 0.1.1
Check: installed package size
Result: NOTE
     installed size is 5.0Mb
     sub-directories of 1Mb or more:
     libs 4.9Mb
Flavor: r-release-macos-arm64