Last updated on 2022-08-07 23:59:03 CEST.
Flavor | Version | Tinstall | Tcheck | Ttotal | Status | Flags |
---|---|---|---|---|---|---|
r-devel-linux-x86_64-debian-clang | 0.3-1 | 20.61 | 171.04 | 191.65 | NOTE | |
r-devel-linux-x86_64-debian-gcc | 0.3-1 | 17.94 | 124.60 | 142.54 | NOTE | |
r-devel-linux-x86_64-fedora-clang | 0.3-1 | 238.41 | NOTE | |||
r-devel-linux-x86_64-fedora-gcc | 0.3-1 | 233.04 | NOTE | |||
r-devel-windows-x86_64 | 0.3-1 | 47.00 | 193.00 | 240.00 | NOTE | |
r-patched-linux-x86_64 | 0.3-1 | 22.37 | 162.21 | 184.58 | NOTE | |
r-release-linux-x86_64 | 0.3-1 | 15.85 | 159.92 | 175.77 | NOTE | |
r-release-macos-arm64 | 0.3-1 | 82.00 | NOTE | |||
r-release-macos-x86_64 | 0.3-1 | 87.00 | NOTE | |||
r-release-windows-x86_64 | 0.3-1 | 44.00 | 186.00 | 230.00 | NOTE | |
r-oldrel-macos-arm64 | 0.3-1 | 59.00 | NOTE | |||
r-oldrel-macos-x86_64 | 0.3-1 | 110.00 | NOTE | |||
r-oldrel-windows-ix86+x86_64 | 0.3-1 | 49.00 | 185.00 | 234.00 | NOTE |
Version: 0.3-1
Check: LazyData
Result: NOTE
'LazyData' is specified without a 'data' directory
Flavors: r-devel-linux-x86_64-debian-clang, r-devel-linux-x86_64-debian-gcc, r-devel-linux-x86_64-fedora-clang, r-devel-linux-x86_64-fedora-gcc, r-devel-windows-x86_64, r-patched-linux-x86_64, r-release-linux-x86_64, r-release-macos-arm64, r-release-macos-x86_64, r-release-windows-x86_64, r-oldrel-macos-arm64, r-oldrel-macos-x86_64, r-oldrel-windows-ix86+x86_64