CRAN Package Check Results for Package dbhydroR

Last updated on 2021-06-15 07:49:02 CEST.

Flavor Version Tinstall Tcheck Ttotal Status Flags
r-devel-linux-x86_64-debian-clang 0.2-8 3.93 44.55 48.48 NOTE
r-devel-linux-x86_64-debian-gcc 0.2-8 3.10 34.99 38.09 NOTE
r-devel-linux-x86_64-fedora-clang 0.2-8 66.37 NOTE
r-devel-linux-x86_64-fedora-gcc 0.2-8 57.61 NOTE
r-devel-windows-x86_64 0.2-8 7.00 64.00 71.00 NOTE
r-devel-windows-x86_64-gcc10-UCRT 0.2-8 NOTE
r-patched-linux-x86_64 0.2-8 3.87 42.86 46.73 NOTE
r-patched-solaris-x86 0.2-8 86.00 NOTE
r-release-linux-x86_64 0.2-8 3.48 43.09 46.57 NOTE
r-release-macos-arm64 0.2-8 NOTE
r-release-macos-x86_64 0.2-8 NOTE
r-release-windows-ix86+x86_64 0.2-8 10.00 63.00 73.00 NOTE
r-oldrel-macos-x86_64 0.2-8 OK
r-oldrel-windows-ix86+x86_64 0.2-8 12.00 69.00 81.00 OK

Check Details

Version: 0.2-8
Check: LazyData
Result: NOTE
     'LazyData' is specified without a 'data' directory
Flavors: r-devel-linux-x86_64-debian-clang, r-devel-linux-x86_64-debian-gcc, r-devel-linux-x86_64-fedora-clang, r-devel-linux-x86_64-fedora-gcc, r-devel-windows-x86_64, r-devel-windows-x86_64-gcc10-UCRT, r-patched-linux-x86_64, r-patched-solaris-x86, r-release-linux-x86_64, r-release-macos-arm64, r-release-macos-x86_64, r-release-windows-ix86+x86_64