CRAN Package Check Results for Package dbMC

Last updated on 2021-12-04 19:52:52 CET.

Flavor Version Tinstall Tcheck Ttotal Status Flags
r-devel-linux-x86_64-debian-clang 1.0.0 3.98 33.25 37.23 OK
r-devel-linux-x86_64-debian-gcc 1.0.0 3.23 26.89 30.12 OK
r-devel-linux-x86_64-fedora-clang 1.0.0 47.10 NOTE
r-devel-linux-x86_64-fedora-gcc 1.0.0 35.97 NOTE
r-devel-windows-x86_64-new-UL 1.0.0 8.00 61.00 69.00 OK
r-devel-windows-x86_64-new-TK 1.0.0 NOTE
r-devel-windows-x86_64-old 1.0.0 8.00 33.00 41.00 OK
r-patched-linux-x86_64 1.0.0 3.94 24.37 28.31 OK
r-release-linux-x86_64 1.0.0 3.44 24.41 27.85 OK
r-release-macos-arm64 1.0.0 NOTE
r-release-macos-x86_64 1.0.0 NOTE
r-release-windows-ix86+x86_64 1.0.0 8.00 42.00 50.00 OK
r-oldrel-macos-x86_64 1.0.0 NOTE
r-oldrel-windows-ix86+x86_64 1.0.0 7.00 39.00 46.00 OK

Check Details

Version: 1.0.0
Check: dependencies in R code
Result: NOTE
    Namespace in Imports field not imported from: ‘softImpute’
     All declared Imports should be used.
Flavors: r-devel-linux-x86_64-fedora-clang, r-devel-linux-x86_64-fedora-gcc, r-devel-windows-x86_64-new-TK, r-release-macos-arm64, r-release-macos-x86_64, r-oldrel-macos-x86_64