CRAN Package Check Results for Package dataReporter

Last updated on 2024-06-19 08:57:45 CEST.

Flavor Version Tinstall Tcheck Ttotal Status Flags
r-devel-linux-x86_64-debian-clang 1.0.2 10.20 106.17 116.37 NOTE
r-devel-linux-x86_64-debian-gcc 1.0.2 7.63 77.72 85.35 NOTE
r-devel-linux-x86_64-fedora-clang 1.0.2 145.02 NOTE
r-devel-linux-x86_64-fedora-gcc 1.0.2 159.32 NOTE
r-devel-windows-x86_64 1.0.2 11.00 116.00 127.00 NOTE
r-patched-linux-x86_64 1.0.2 14.67 98.93 113.60 NOTE
r-release-linux-x86_64 1.0.2 6.42 100.71 107.13 NOTE
r-release-macos-arm64 1.0.2 54.00 NOTE
r-release-macos-x86_64 1.0.2 74.00 NOTE
r-release-windows-x86_64 1.0.2 11.00 119.00 130.00 NOTE
r-oldrel-macos-arm64 1.0.2 54.00 OK
r-oldrel-macos-x86_64 1.0.2 83.00 OK
r-oldrel-windows-x86_64 1.0.2 13.00 131.00 144.00 OK

Check Details

Version: 1.0.2
Check: Rd files
Result: NOTE checkRd: (-1) defaultFactorSummaries.Rd:29: Lost braces 29 | code{\link{variableType}}, \code{\link{countMissing}}, \code{\link{uniqueValues}}, | ^ Flavors: r-devel-linux-x86_64-debian-clang, r-devel-linux-x86_64-debian-gcc, r-devel-linux-x86_64-fedora-clang, r-devel-linux-x86_64-fedora-gcc, r-devel-windows-x86_64, r-patched-linux-x86_64, r-release-linux-x86_64, r-release-macos-arm64, r-release-macos-x86_64, r-release-windows-x86_64