CRAN Package Check Results for Package dataPreparation

Last updated on 2024-05-21 11:53:30 CEST.

Flavor Version Tinstall Tcheck Ttotal Status Flags
r-devel-linux-x86_64-debian-clang 1.1.1 14.74 130.90 145.64 NOTE
r-devel-linux-x86_64-debian-gcc 1.1.1 11.26 99.81 111.07 NOTE
r-devel-linux-x86_64-fedora-clang 1.1.1 183.31 NOTE
r-devel-linux-x86_64-fedora-gcc 1.1.1 168.42 NOTE
r-devel-windows-x86_64 1.1.1 13.00 126.00 139.00 NOTE
r-patched-linux-x86_64 1.1.1 17.69 128.46 146.15 NOTE
r-release-linux-x86_64 1.1.1 13.07 127.59 140.66 NOTE
r-release-macos-arm64 1.1.1 50.00 NOTE
r-release-windows-x86_64 1.1.1 14.00 126.00 140.00 NOTE
r-oldrel-macos-arm64 1.1.1 50.00 OK
r-oldrel-macos-x86_64 1.1.1 134.00 OK
r-oldrel-windows-x86_64 1.1.1 15.00 149.00 164.00 OK

Check Details

Version: 1.1.1
Check: Rd files
Result: NOTE checkRd: (-1) build_date_factor.Rd:15: Lost braces; missing escapes or markup? 15 | Map a vector of dates to a factor at one of these levels {"yearmonth", "yearquarter", "quarter", "month"} | ^ checkRd: (-1) build_date_factor.Rd:12: Lost braces; missing escapes or markup? 12 | \item{type}{One of {"year", "yearquarter", "yearmonth", "quarter", "month"}} | ^ Flavors: r-devel-linux-x86_64-debian-clang, r-devel-linux-x86_64-debian-gcc, r-devel-linux-x86_64-fedora-clang, r-devel-linux-x86_64-fedora-gcc, r-devel-windows-x86_64, r-patched-linux-x86_64, r-release-linux-x86_64, r-release-macos-arm64, r-release-windows-x86_64